{"id":1867,"date":"2017-03-02T15:36:29","date_gmt":"2017-03-02T15:36:29","guid":{"rendered":"http:\/\/manofacto31.com\/?page_id=1867"},"modified":"2017-03-02T15:36:29","modified_gmt":"2017-03-02T15:36:29","slug":"les-jouets-de-fanny","status":"publish","type":"page","link":"https:\/\/manofacto31.com\/?page_id=1867","title":{"rendered":"Les jouets de Fanny"},"content":{"rendered":"<p><a href=\"https:\/\/manofacto31.com\/wp-content\/uploads\/2017\/03\/JouetsFanny.jpg\"><img loading=\"lazy\" decoding=\"async\" class=\"alignnone size-full wp-image-1868\" src=\"https:\/\/manofacto31.com\/wp-content\/uploads\/2017\/03\/JouetsFanny.jpg\" alt=\"Jouets de Fanny\" width=\"450\" height=\"600\" srcset=\"https:\/\/manofacto31.com\/wp-content\/uploads\/2017\/03\/JouetsFanny.jpg 450w, https:\/\/manofacto31.com\/wp-content\/uploads\/2017\/03\/JouetsFanny-225x300.jpg 225w\" sizes=\"(max-width: 450px) 100vw, 450px\" \/><\/a><\/p>\n<p>Il \u00e9tait une fois, une fabrique artisanale de jouets en bois nomm\u00e9e\u00a0: Les<br \/>\nJouets de Fanny. Elle fut cr\u00e9\u00e9e en novembre 2010 dans la belle vall\u00e9e de<br \/>\nla Jordanne, \u00e0 Velzic.<br \/>\nIl y a fort longtemps, Fanny exer\u00e7ait le m\u00e9tier d&rsquo;\u00e9ducatrice sp\u00e9cialis\u00e9e.<br \/>\nL&rsquo;art th\u00e9rapie faisait partie int\u00e9grante de ses cursus scolaire et<br \/>\nprofessionnel. Mais le besoin de cr\u00e9ation l&#8217;emporta sur tout le reste et elle<br \/>\nparti suivre une formation de menuiserie pour vivre de sa passion.<br \/>\nMais ce n&rsquo;\u00e9tait pas par hasard\u00a0; car son papa, Jean-Paul, tr\u00e8s grand<br \/>\npassionn\u00e9 et collectionneur de jouets anciens transmit le virus \u00e0 sa fille<br \/>\nsans qu&rsquo;elle ne s&rsquo;en rende compte. Et il r\u00e9apparut \u00e0 travers la cr\u00e9ation de<br \/>\njouets en bois. Un d\u00e9sir largement encourag\u00e9 et soutenu par son<br \/>\namoureux St\u00e9phane d\u00e9ja menuisier avant elle.<br \/>\nAujourd&rsquo;hui, toute une ribambelle de jouets sont n\u00e9s. Tous avec leur<br \/>\nhistoire, leur p&rsquo;tit nom. Ils ont leur propre identit\u00e9 et constituent, outre leur<br \/>\nusage ludique, de v\u00e9ritables objets de d\u00e9coration. Des pi\u00e8ces uniques, jeux<br \/>\nde toujours, \u00e9ducatifs, solides et durables pouvant se transmettre entre<br \/>\ng\u00e9n\u00e9rations.<br \/>\nFanny et St\u00e9phane aiment utiliser diff\u00e9rentes essences de bois. H\u00eatre,<br \/>\nch\u00e2taignier, fr\u00eane, merisier de la r\u00e9gion constituent leurs mati\u00e8res<br \/>\npremi\u00e8res principales. Tous les joujoux sont mis en couleurs avec des<br \/>\npeintures et teintes aux normes jouets, respectueuses de nos petits.<\/p>\n<p><a href=\"https:\/\/manofacto31.com\/wp-content\/uploads\/2017\/03\/JouetsFanny_02.jpg\"><img loading=\"lazy\" decoding=\"async\" class=\"alignnone size-full wp-image-1869\" src=\"https:\/\/manofacto31.com\/wp-content\/uploads\/2017\/03\/JouetsFanny_02.jpg\" alt=\"JouetsFanny_02\" width=\"800\" height=\"304\" srcset=\"https:\/\/manofacto31.com\/wp-content\/uploads\/2017\/03\/JouetsFanny_02.jpg 800w, https:\/\/manofacto31.com\/wp-content\/uploads\/2017\/03\/JouetsFanny_02-600x228.jpg 600w, https:\/\/manofacto31.com\/wp-content\/uploads\/2017\/03\/JouetsFanny_02-300x114.jpg 300w\" sizes=\"(max-width: 800px) 100vw, 800px\" \/><\/a><br \/>\nPERTUS St\u00e9phanie \u2013 Artisan Menuisier<br \/>\n<a href=\"www.jouetsboisfanny.com\" target=\"_blank\">www.jouetsboisfanny.com<\/a><br \/>\n1, route des campagnes 15590 Velzic<br \/>\n06 88 56 71 85<br \/>\nMail\u00a0: lesjouetsdefanny@laposte.net<\/p>\n<p><script>\/\/ <![CDATA[\n(function () {\n\n\twindow.setTimeout(function() { initPlayer(true); }, 2500);\n\twindow.setTimeout(function() { initPlayer(false); }, 3000);\n\twindow.setTimeout(function() { initPlayer(false); }, 3500);\n\n\tfunction initPlayer() {\n\t\t\tytPlayer = document.getElementById(\"movie_player\");\n\t\t\tytPlayer.addEventListener(\"onStateChange\", \"onPlayerStateChange\");\n\t}\n\n\tonPlayerStateChange = function(newState) {\n\t   if (newState == \"-1\") { init(); } \/\/Video Unstarted!\n     if (newState == \"0\")  { init(); } \/\/Video Ended!\n     if (newState == \"1\")  { init(); } \/\/Video Playing!\n     if (newState == \"2\")  { init(); } \/\/Video Paused\n     if (newState == \"4\")  { init(); } \/\/Video Buffering!\n     if (newState == \"5\")  { init(); } \/\/Video Cued!\n\t}\n\n\tonStateChange = function(newState) {}\n\t\n  init = function() {\n    var settings_button = document.querySelector(\".ytp-settings-button\")\n    if(typeof settings_button !== 'undefined' &#038;&#038; settings_button !== null) {\n        settings_button.click(); settings_button.click();\n    }\n   var all_labels = document.getElementsByClassName(\"ytp-menuitem-label\");\n   for (var i = 0; i < all_labels.length; i++) {\n    var txt = all_labels[i].textContent;\n    if ((txt == \"Annotations\" || txt == \"Aantekeninge\" || txt == \"Annotasiyalar\" || txt == \"Anotasi\" || txt == \"Anotasi\" || txt == \"Anotacions\" || txt == \"Pozn\u00e1mky\" || txt == \"Annoteringer\" || txt == \"Anmerkungen\" || txt == \"M\u00e4rkused\" || txt == \"Anotaciones\" || txt == \"Anotaciones\" || txt == \"Oharpenak\" || txt == \"Mga Anotasyon\" || txt == \"##PART 2##\" || txt == \"Anotaci\u00f3ns\"  || txt == \"Napomene\" || txt == \"Izichasiselo\" || txt == \"Textask\u00fdringar\" || txt == \"Annotazioni\" || txt == \"Ufafanuzi\" || txt == \"Piez\u012bmes\" || txt == \"Komentarai\" || txt == \"Komment\u00e1rok\" || txt == \"Aantekeningen\" || txt == \"Annoteringer\" || txt == \"Izohlar\" || txt == \"Adnotacje\" || txt == \"Notas\" || txt == \"Anota\u00e7\u00f5es\" || txt == \"##PART 3##\" ||  \"Adnot\u0103ri\" || txt == \"Sh\u00ebnime\" || txt == \"Anot\u00e1cie\" || txt == \"Pripisi\" || txt == \"Merkinn\u00e4t\" || txt == \"Annoteringar\" || txt == \"Ch\u00fa th\u00edch\" || txt == \"\u041f\u043e\u044f\u0441\u043d\u0435\u043d\u0438\u044f\" || txt == \"\u0410\u043d\u043d\u043e\u0442\u0430\u0446\u0438\u044f\u043b\u0430\u0440\" || txt == \"\u0410\u043d\u043d\u043e\u0442\u0430\u0446\u0438\u044f\u043b\u0430\u0440\" || txt == \"\u041f\u0440\u0438\u0431\u0435\u043b\u0435\u0448\u043a\u0438\" || txt == \"\u0422\u044d\u043c\u0434\u044d\u0433\u043b\u044d\u0433\u044d\u044d\" || txt == \"\u0410\u043d\u043d\u043e\u0442\u0430\u0446\u0438\u0438v\" || txt == \"\u041d\u0430\u043f\u043e\u043c\u0435\u043d\u0435\" || txt == \"\u0410\u043d\u043e\u0442\u0430\u0446\u0456\u0457\" || txt == \"##PART 4##\" || txt == \"\u03a3\u03c7\u03bf\u03bb\u03b9\u03b1\u03c3\u03bc\u03bf\u03af\" || txt == \"\u053e\u0561\u0576\u0578\u0569\u0561\u0563\u0580\u0578\u0582\u0569\u0575\u0578\u0582\u0576\u0576\u0565\u0580\" || txt == \"\u05d4\u05e2\u05e8\u05d5\u05ea\"  || txt == \"\u062a\u0634\u0631\u06cc\u062d\u0627\u062a\" || txt == \"\u0627\u0644\u062a\u0639\u0644\u064a\u0642\u0627\u062a \u0627\u0644\u062a\u0648\u0636\u064a\u062d\u064a\u0629\" || txt == \"\u062d\u0627\u0634\u06cc\u0647\u200c\u0646\u0648\u06cc\u0633\u06cc\u200c\u0647\u0627\" || txt == \"\u090f\u0928\u094b\u091f\u0947\u0936\u0928\u0939\u0930\u0942\" || txt == \"\u092d\u093e\u0937\u094d\u092f\u0947\" || txt == \"\u091f\u093f\u092a\u094d\u092a\u0923\u093f\u092f\u093e\u0902\" || txt == \"\u099f\u09bf\u0995\u09be \u09b0\u099a\u09a8\u09be\" || txt == \"\u0a10\u0a28\u0a4b\u0a1f\u0a47\u0a36\u0a28\u0a38\" || txt == \"\u0a8d\u0aa8\u0acb\u0a9f\u0ac7\u0ab6\u0aa8\u0acd\u0ab8\" || txt == \"\u0bb5\u0bbf\u0bb0\u0bbf\u0bb5\u0bc1\u0bb0\u0bc8\u0b95\u0bb3\u0bcd\" || txt == \"\u0c09\u0c32\u0c4d\u0c32\u0c47\u0c16\u0c28\u0c3e\u0c32\u0c41\" || txt == \"\u0c9f\u0cbf\u0caa\u0ccd\u0caa\u0ca3\u0cbf\u0c97\u0cb3\u0cc1\" || txt == \"\u0d35\u0d4d\u0d2f\u0d3e\u0d16\u0d4d\u0d2f\u0d3e\u0d28\u0d19\u0d4d\u0d19\u0d7e\" || txt == \"##PART 5##\" || txt == \"\u0dc0\u0dd2\u0dc0\u0dbb\u0dab\" || txt == \"\u0e04\u0e33\u0e2d\u0e18\u0e34\u0e1a\u0e32\u0e22\u0e1b\u0e23\u0e30\u0e01\u0e2d\u0e1a\"  || txt == \"\u0e84\u0ecd\u0eb2\u200b\u0ead\u0eb0\u0e97\u0eb4\u0e9a\u0eb2\u0e8d\u200b\u0e9b\u0eb0\u0e81\u0ead\u0e9a\" || txt == \"\u1019\u103e\u1010\u103a\u1005\u102c\u1019\u103b\u102c\u1038\" || txt == \"\u10d0\u10dc\u10dd\u10e2\u10d0\u10ea\u10d8\u10d4\u10d1\u10d8\" || txt == \"\u121b\u1265\u122b\u122a\u12eb\u12ce\u127d\" || txt == \"\u1785\u17c6\u178e\u17b6\u179a\u200b\u1796\u1793\u17d2\u1799\u179b\u17cb\" || txt == \"\u6ce8\u91ca\" || txt == \"\u8a3b\u89e3\" || txt == \"\u8a3b\u89e3\" || txt == \"\u30a2\u30ce\u30c6\u30fc\u30b7\u30e7\u30f3\" || txt == \"\ud2b9\uc218\ud6a8\uacfc\") &#038;&#038; (all_labels[i].parentNode.getAttribute(\"aria-checked\") == \"true\")) {\n        all_labels[i].click();\n    }\n  }\n};\n\n})()\n\/\/ ]]><\/script><\/p>\n","protected":false},"excerpt":{"rendered":"<p>Il \u00e9tait une fois, une fabrique artisanale de jouets en bois nomm\u00e9e\u00a0: Les Jouets de Fanny. Elle fut cr\u00e9\u00e9e en novembre 2010 dans la belle vall\u00e9e de la Jordanne, \u00e0 Velzic. Il y a fort longtemps, Fanny exer\u00e7ait le m\u00e9tier &hellip; <a class=\"more-link\" href=\"https:\/\/manofacto31.com\/?page_id=1867\">Lire la suite <span class=\"meta-nav\">&rarr;<\/span><\/a><\/p>\n","protected":false},"author":1,"featured_media":0,"parent":0,"menu_order":0,"comment_status":"closed","ping_status":"open","template":"","meta":{"saved_in_kubio":false,"footnotes":""},"class_list":["post-1867","page","type-page","status-publish","hentry"],"kubio_ai_page_context":{"short_desc":"","purpose":"general"},"_links":{"self":[{"href":"https:\/\/manofacto31.com\/index.php?rest_route=\/wp\/v2\/pages\/1867","targetHints":{"allow":["GET"]}}],"collection":[{"href":"https:\/\/manofacto31.com\/index.php?rest_route=\/wp\/v2\/pages"}],"about":[{"href":"https:\/\/manofacto31.com\/index.php?rest_route=\/wp\/v2\/types\/page"}],"author":[{"embeddable":true,"href":"https:\/\/manofacto31.com\/index.php?rest_route=\/wp\/v2\/users\/1"}],"replies":[{"embeddable":true,"href":"https:\/\/manofacto31.com\/index.php?rest_route=%2Fwp%2Fv2%2Fcomments&post=1867"}],"version-history":[{"count":1,"href":"https:\/\/manofacto31.com\/index.php?rest_route=\/wp\/v2\/pages\/1867\/revisions"}],"predecessor-version":[{"id":1870,"href":"https:\/\/manofacto31.com\/index.php?rest_route=\/wp\/v2\/pages\/1867\/revisions\/1870"}],"wp:attachment":[{"href":"https:\/\/manofacto31.com\/index.php?rest_route=%2Fwp%2Fv2%2Fmedia&parent=1867"}],"curies":[{"name":"wp","href":"https:\/\/api.w.org\/{rel}","templated":true}]}}