{"id":2358,"date":"2018-04-08T18:04:51","date_gmt":"2018-04-08T18:04:51","guid":{"rendered":"http:\/\/manofacto31.com\/?page_id=2358"},"modified":"2023-06-23T09:15:00","modified_gmt":"2023-06-23T09:15:00","slug":"lutins-du-monde","status":"publish","type":"page","link":"https:\/\/manofacto31.com\/?page_id=2358","title":{"rendered":"PunkY ZiggY"},"content":{"rendered":"<div><a href=\"http:\/\/www.facebook.com\/punkyziggy\">PunkY ZiggY<\/a>\u00a0est une marque de coussins monstres, poup\u00e9es punk, kits \u00e0 coudre et autres accessoires monstrueusement mignons pour petits et grands,tous des pi\u00e8ces uniques r\u00e9alis\u00e9es \u00e0 la main par Nata.<br \/>\nCouturi\u00e8re et artiste bidouilleuse sensible \u00e0 l\u2019\u00e9cologie,<span class=\"Apple-converted-space\">\u00a0<\/span>r\u00e9cemment install\u00e9e dans la r\u00e9gion toulousaine, Nata jongle<span class=\"Apple-converted-space\">\u00a0<\/span>avec la douceur, la couleur et la chaleur des mati\u00e8res.<span class=\"Apple-converted-space\">\u00a0<\/span>Elle utilise des tissus qu\u2019elle d\u00e9niche un peu partout et<span class=\"Apple-converted-space\">\u00a0<\/span>notamment qu\u2019elle ram\u00e8ne de ses p\u00e9riples en Asie, mais<span class=\"Apple-converted-space\">\u00a0<\/span>\u00e9galement des mat\u00e9riaux chin\u00e9s ici et l\u00e0 qu&rsquo;elle adore recycler<span class=\"Apple-converted-space\">\u00a0<\/span>(coupons, anciens v\u00eatements, boutons, broderies<span class=\"Apple-converted-space\">\u00a0<\/span>ethniques\u2026) pour cr\u00e9er des petits monstres tous plus farfelus les uns que les autres !<\/div>\n<div><\/div>\n<div>\n<p><a href=\"https:\/\/manofacto31.com\/wp-content\/uploads\/2018\/04\/gribouille.jpg\">\u00a0 <\/a><a href=\"https:\/\/manofacto31.com\/wp-content\/uploads\/2018\/04\/gribouille.jpg\"><img loading=\"lazy\" decoding=\"async\" class=\"alignnone wp-image-2361 size-large\" src=\"https:\/\/manofacto31.com\/wp-content\/uploads\/2018\/04\/gribouille-1024x1024.jpg\" alt=\"gribouille\" width=\"560\" height=\"560\" srcset=\"https:\/\/manofacto31.com\/wp-content\/uploads\/2018\/04\/gribouille-1024x1024.jpg 1024w, https:\/\/manofacto31.com\/wp-content\/uploads\/2018\/04\/gribouille-300x300.jpg 300w, https:\/\/manofacto31.com\/wp-content\/uploads\/2018\/04\/gribouille-100x100.jpg 100w, https:\/\/manofacto31.com\/wp-content\/uploads\/2018\/04\/gribouille-600x600.jpg 600w\" sizes=\"(max-width: 560px) 100vw, 560px\" \/><\/a><a href=\"https:\/\/manofacto31.com\/wp-content\/uploads\/2018\/04\/coussin-monstre.jpg\">\u00a0<\/a><a href=\"https:\/\/manofacto31.com\/wp-content\/uploads\/2018\/04\/coussin-monstre.jpg\"><img loading=\"lazy\" decoding=\"async\" class=\"alignnone wp-image-2359 size-large\" src=\"https:\/\/manofacto31.com\/wp-content\/uploads\/2018\/04\/coussin-monstre-1024x778.jpg\" alt=\"coussin monstre\" width=\"560\" height=\"425\" srcset=\"https:\/\/manofacto31.com\/wp-content\/uploads\/2018\/04\/coussin-monstre-1024x778.jpg 1024w, https:\/\/manofacto31.com\/wp-content\/uploads\/2018\/04\/coussin-monstre-600x456.jpg 600w, https:\/\/manofacto31.com\/wp-content\/uploads\/2018\/04\/coussin-monstre-300x228.jpg 300w, https:\/\/manofacto31.com\/wp-content\/uploads\/2018\/04\/coussin-monstre.jpg 1316w\" sizes=\"(max-width: 560px) 100vw, 560px\" \/><\/a>\u00a0\u00a0 <a href=\"https:\/\/manofacto31.com\/wp-content\/uploads\/2018\/04\/poupee-punk.jpg\">\u00a0<\/a>\u00a0<a href=\"https:\/\/manofacto31.com\/wp-content\/uploads\/2018\/04\/tableau-petit-monstre.jpg\">\u00a0<\/a><\/p>\n<\/div>\n<div><\/div>\n<div><a href=\"https:\/\/manofacto31.com\/wp-content\/uploads\/2018\/04\/poupee-punk.jpg\"><img loading=\"lazy\" decoding=\"async\" class=\"alignnone wp-image-2362 size-large\" src=\"https:\/\/manofacto31.com\/wp-content\/uploads\/2018\/04\/poupee-punk-1024x1024.jpg\" alt=\"poupee punk\" width=\"560\" height=\"560\" srcset=\"https:\/\/manofacto31.com\/wp-content\/uploads\/2018\/04\/poupee-punk-1024x1024.jpg 1024w, https:\/\/manofacto31.com\/wp-content\/uploads\/2018\/04\/poupee-punk-300x300.jpg 300w, https:\/\/manofacto31.com\/wp-content\/uploads\/2018\/04\/poupee-punk-100x100.jpg 100w, https:\/\/manofacto31.com\/wp-content\/uploads\/2018\/04\/poupee-punk-600x600.jpg 600w\" sizes=\"(max-width: 560px) 100vw, 560px\" \/><\/a><\/div>\n<div><\/div>\n<div><\/div>\n<div><a href=\"https:\/\/manofacto31.com\/wp-content\/uploads\/2018\/04\/doudou-monstre-GM.jpg\"><img loading=\"lazy\" decoding=\"async\" class=\"alignnone wp-image-2360 size-full\" src=\"https:\/\/manofacto31.com\/wp-content\/uploads\/2018\/04\/doudou-monstre-GM.jpg\" alt=\"doudou monstre GM\" width=\"1000\" height=\"1000\" srcset=\"https:\/\/manofacto31.com\/wp-content\/uploads\/2018\/04\/doudou-monstre-GM.jpg 1000w, https:\/\/manofacto31.com\/wp-content\/uploads\/2018\/04\/doudou-monstre-GM-300x300.jpg 300w, https:\/\/manofacto31.com\/wp-content\/uploads\/2018\/04\/doudou-monstre-GM-100x100.jpg 100w, https:\/\/manofacto31.com\/wp-content\/uploads\/2018\/04\/doudou-monstre-GM-600x600.jpg 600w\" sizes=\"(max-width: 1000px) 100vw, 1000px\" \/><\/a><\/div>\n<div><\/div>\n<div>Coordonn\u00e9es :<\/div>\n<div>Nata <a href=\"tel:06%2081%2040%2087%2056\" target=\"_blank\" rel=\"noopener\">06 81 40 87 56<\/a><\/div>\n<div>mail : <a href=\"mailto:punkyziggy@gmail.com\" target=\"_blank\" rel=\"noopener\">punkyziggy@gmail.com<\/a><\/div>\n<div>site : <a href=\"https:\/\/www.punkyziggy.com\/\" target=\"_blank\" rel=\"noopener\">punkyziggy.com<\/a><\/div>\n<div>facebook <a href=\"http:\/\/www.facebook.com\/punkyziggy\">punkyziggy<\/a><\/div>\n<div><\/div>\n<div><a href=\"https:\/\/manofacto31.com\/wp-content\/uploads\/2018\/04\/tableau-petit-monstre.jpg\"><img loading=\"lazy\" decoding=\"async\" class=\"alignnone wp-image-2363 size-thumbnail\" src=\"https:\/\/manofacto31.com\/wp-content\/uploads\/2018\/04\/tableau-petit-monstre-180x135.jpg\" alt=\"tableau petit monstre\" width=\"180\" height=\"135\" \/> <\/a><a href=\"https:\/\/manofacto31.com\/wp-content\/uploads\/2018\/04\/ting-tong.jpg\"><img loading=\"lazy\" decoding=\"async\" class=\"alignnone wp-image-2364 size-thumbnail\" src=\"https:\/\/manofacto31.com\/wp-content\/uploads\/2018\/04\/ting-tong-180x135.jpg\" alt=\"ting tong\" width=\"180\" height=\"135\" \/><\/a><\/div>\n","protected":false},"excerpt":{"rendered":"<p>PunkY ZiggY\u00a0est une marque de coussins monstres, poup\u00e9es punk, kits \u00e0 coudre et autres accessoires monstrueusement mignons pour petits et grands,tous des pi\u00e8ces uniques r\u00e9alis\u00e9es \u00e0 la main par Nata. Couturi\u00e8re et artiste bidouilleuse sensible \u00e0 l\u2019\u00e9cologie,\u00a0r\u00e9cemment install\u00e9e dans la &hellip; <a class=\"more-link\" href=\"https:\/\/manofacto31.com\/?page_id=2358\">Lire la suite <span class=\"meta-nav\">&rarr;<\/span><\/a><\/p>\n","protected":false},"author":5,"featured_media":0,"parent":62,"menu_order":0,"comment_status":"closed","ping_status":"closed","template":"","meta":{"saved_in_kubio":false,"footnotes":""},"class_list":["post-2358","page","type-page","status-publish","hentry"],"kubio_ai_page_context":{"short_desc":"","purpose":"general"},"_links":{"self":[{"href":"https:\/\/manofacto31.com\/index.php?rest_route=\/wp\/v2\/pages\/2358","targetHints":{"allow":["GET"]}}],"collection":[{"href":"https:\/\/manofacto31.com\/index.php?rest_route=\/wp\/v2\/pages"}],"about":[{"href":"https:\/\/manofacto31.com\/index.php?rest_route=\/wp\/v2\/types\/page"}],"author":[{"embeddable":true,"href":"https:\/\/manofacto31.com\/index.php?rest_route=\/wp\/v2\/users\/5"}],"replies":[{"embeddable":true,"href":"https:\/\/manofacto31.com\/index.php?rest_route=%2Fwp%2Fv2%2Fcomments&post=2358"}],"version-history":[{"count":5,"href":"https:\/\/manofacto31.com\/index.php?rest_route=\/wp\/v2\/pages\/2358\/revisions"}],"predecessor-version":[{"id":2535,"href":"https:\/\/manofacto31.com\/index.php?rest_route=\/wp\/v2\/pages\/2358\/revisions\/2535"}],"up":[{"embeddable":true,"href":"https:\/\/manofacto31.com\/index.php?rest_route=\/wp\/v2\/pages\/62"}],"wp:attachment":[{"href":"https:\/\/manofacto31.com\/index.php?rest_route=%2Fwp%2Fv2%2Fmedia&parent=2358"}],"curies":[{"name":"wp","href":"https:\/\/api.w.org\/{rel}","templated":true}]}}