{"id":2525,"date":"2019-09-26T11:18:02","date_gmt":"2019-09-26T11:18:02","guid":{"rendered":"http:\/\/manofacto31.com\/?page_id=2525"},"modified":"2019-09-26T11:39:27","modified_gmt":"2019-09-26T11:39:27","slug":"camille-perreau","status":"publish","type":"page","link":"https:\/\/manofacto31.com\/?page_id=2525","title":{"rendered":"Camille Perreau"},"content":{"rendered":"<h2><strong>Illustratrice<\/strong><\/h2>\n<p><strong>Qui suis-je?<\/strong><\/p>\n<p>C&rsquo;est avec mes crayons en poche que je me suis lanc\u00e9e dans la grande aventure de l\u2019illustration! Je dessine depuis toute petite, d\u2019abord inspir\u00e9e par les livres que je lisais, puis petit \u00e0 petit j\u2019ai construit mon propre univers. Depuis, le dessin ne m\u2019a jamais quitt\u00e9. Il me permet d\u2019explorer de nouveaux mondes avec po\u00e9sie, dans lesquels je m\u2019amuse \u00e0 jouer avec les codes, o\u00f9 je peux r\u00e9inventer la r\u00e9alit\u00e9, o\u00f9 je mets en sc\u00e8ne des animaux et des personnages au gr\u00e8s de mes envies&#8230; un vrai travail de chef d\u2019orchestre! L\u2019imaginaire sous toutes ses formes est ainsi devenu mon terrain de jeu favori, j&rsquo;esp\u00e8re qu&rsquo;il vous permettra de r\u00eaver un petit peu aussi!<\/p>\n<p><a href=\"https:\/\/www.instagram.com\/camilleperreau\/\">https:\/\/www.instagram.com\/camilleperreau\/<\/a><\/p>\n<p><img loading=\"lazy\" decoding=\"async\" class=\"alignnone wp-image-2529 size-full\" src=\"https:\/\/manofacto31.com\/wp-content\/uploads\/2019\/09\/70295319_10156108720667101_990718431131074560_n.jpg\" alt=\"\" width=\"818\" height=\"960\" srcset=\"https:\/\/manofacto31.com\/wp-content\/uploads\/2019\/09\/70295319_10156108720667101_990718431131074560_n.jpg 818w, https:\/\/manofacto31.com\/wp-content\/uploads\/2019\/09\/70295319_10156108720667101_990718431131074560_n-600x704.jpg 600w, https:\/\/manofacto31.com\/wp-content\/uploads\/2019\/09\/70295319_10156108720667101_990718431131074560_n-256x300.jpg 256w, https:\/\/manofacto31.com\/wp-content\/uploads\/2019\/09\/70295319_10156108720667101_990718431131074560_n-768x901.jpg 768w\" sizes=\"(max-width: 818px) 100vw, 818px\" \/><\/p>\n","protected":false},"excerpt":{"rendered":"<p>Illustratrice Qui suis-je? C&rsquo;est avec mes crayons en poche que je me suis lanc\u00e9e dans la grande aventure de l\u2019illustration! Je dessine depuis toute petite, d\u2019abord inspir\u00e9e par les livres que je lisais, puis petit \u00e0 petit j\u2019ai construit mon &hellip; <a class=\"more-link\" href=\"https:\/\/manofacto31.com\/?page_id=2525\">Lire la suite <span class=\"meta-nav\">&rarr;<\/span><\/a><\/p>\n","protected":false},"author":5,"featured_media":0,"parent":52,"menu_order":0,"comment_status":"closed","ping_status":"closed","template":"","meta":{"saved_in_kubio":false,"footnotes":""},"class_list":["post-2525","page","type-page","status-publish","hentry"],"kubio_ai_page_context":{"short_desc":"","purpose":"general"},"_links":{"self":[{"href":"https:\/\/manofacto31.com\/index.php?rest_route=\/wp\/v2\/pages\/2525","targetHints":{"allow":["GET"]}}],"collection":[{"href":"https:\/\/manofacto31.com\/index.php?rest_route=\/wp\/v2\/pages"}],"about":[{"href":"https:\/\/manofacto31.com\/index.php?rest_route=\/wp\/v2\/types\/page"}],"author":[{"embeddable":true,"href":"https:\/\/manofacto31.com\/index.php?rest_route=\/wp\/v2\/users\/5"}],"replies":[{"embeddable":true,"href":"https:\/\/manofacto31.com\/index.php?rest_route=%2Fwp%2Fv2%2Fcomments&post=2525"}],"version-history":[{"count":7,"href":"https:\/\/manofacto31.com\/index.php?rest_route=\/wp\/v2\/pages\/2525\/revisions"}],"predecessor-version":[{"id":2537,"href":"https:\/\/manofacto31.com\/index.php?rest_route=\/wp\/v2\/pages\/2525\/revisions\/2537"}],"up":[{"embeddable":true,"href":"https:\/\/manofacto31.com\/index.php?rest_route=\/wp\/v2\/pages\/52"}],"wp:attachment":[{"href":"https:\/\/manofacto31.com\/index.php?rest_route=%2Fwp%2Fv2%2Fmedia&parent=2525"}],"curies":[{"name":"wp","href":"https:\/\/api.w.org\/{rel}","templated":true}]}}