{"id":2562,"date":"2019-10-30T15:34:52","date_gmt":"2019-10-30T15:34:52","guid":{"rendered":"http:\/\/manofacto31.com\/?page_id=2562"},"modified":"2023-06-23T09:14:05","modified_gmt":"2023-06-23T09:14:05","slug":"eela-laitinen","status":"publish","type":"page","link":"https:\/\/manofacto31.com\/?page_id=2562","title":{"rendered":"Eela Laitinen"},"content":{"rendered":"\r\n<div class=\"wp-block-image\">\r\n<figure class=\"aligncenter is-resized\"><img decoding=\"async\" class=\"wp-image-2807 aligncenter\" src=\"https:\/\/manofacto31.com\/wp-content\/uploads\/2021\/03\/eveliina-manofacto-3-1024x683.jpg\" alt=\"\" width=\"550\" srcset=\"https:\/\/manofacto31.com\/wp-content\/uploads\/2021\/03\/eveliina-manofacto-3-1024x683.jpg 1024w, https:\/\/manofacto31.com\/wp-content\/uploads\/2021\/03\/eveliina-manofacto-3-600x400.jpg 600w, https:\/\/manofacto31.com\/wp-content\/uploads\/2021\/03\/eveliina-manofacto-3-300x200.jpg 300w, https:\/\/manofacto31.com\/wp-content\/uploads\/2021\/03\/eveliina-manofacto-3-768x512.jpg 768w\" sizes=\"(max-width: 1024px) 100vw, 1024px\" \/><\/figure>\r\n<\/div>\r\n\r\n\r\n\r\n<p><strong>QUI ES-TU ?<\/strong><\/p>\r\n\r\n\r\n\r\n<p>Eveliina (Eela) Laitinen. J\u2019habite \u00e0 Toulouse avec mon ch\u00e9ri (et ma belle-fille de 9 ans un week-end sur deux). J\u2019aime beaucoup les chats, mais nous n\u2019en avons pas.<\/p>\r\n\r\n\r\n\r\n<p><strong>TON PARCOURS<\/strong><\/p>\r\n\r\n\r\n\r\n<p>Je suis finlandaise et j\u2019ai grandi \u00e0 Helsinki. J\u2019ai toujours \u00e9t\u00e9 attir\u00e9e par les arts plastiques d\u00e8s mon plus jeune \u00e2ge. Je suis all\u00e9e au lyc\u00e9e d\u2019arts plastiques o\u00f9 je me suis int\u00e9ress\u00e9e en particulier au monde du textile et de design de costume. Apr\u00e8s le lyc\u00e9e je suis partie en \u00c9cosse pour des \u00e9tudes de design textile. \u00c0 l\u2019Universit\u00e9 Heriot-Watt (School of Textiles and Design) je me suis sp\u00e9cialis\u00e9e en s\u00e9rigraphie et illustration pour textile.<\/p>\r\n\r\n\r\n\r\n<p>Apr\u00e8s avoir obtenu ma licence en 2014, je suis venue m&rsquo;installer dans le sud de la France.<br \/>Depuis 2016 je suis en parall\u00e8le charg\u00e9e de communication et graphiste au sein de Freddy Morezon (collectif de musiciens) et illustratrice \/ cr\u00e9atrice de mode. J\u2019ai rejoint le collectif Mano Facto en 2019.<\/p>\r\n\r\n\r\n\r\n<p>Je trouve mon bonheur en naviguant quelque part entre le dessin et le textile, la cr\u00e9ation graphique, la mode et le spectacle vivant\u2026<br \/>Dans mes cr\u00e9ations on peut compter des affiches de spectacles, des identit\u00e9s visuelles, des motifs textiles, des peintures, des sc\u00e9nographies et des costumes pour des spectacles.<\/p>\r\n\r\n\r\n\r\n<p><strong>Jardin Magique<\/strong>, c\u2019est ce que j\u2019appelle tr\u00e8s largement \u201cmon \u0153uvre textile\u201d. Cela englobe mes imprim\u00e9s (robes, jupes, vestes kimono\u2026) et mes foulards en soie, peints \u00e0 la main.\u00a0 Ce n\u2019est pas vraiment un nom de marque, ni un nom de collection, mais quelque chose entre les deux\u2026<\/p>\r\n\r\n\r\n\r\n<p>\u201cJardin\u201d pour d\u00e9crire mon \u0153uvre textile qui \u00e9volue, la collection qui grandit et le th\u00e8me pictural souvent \u00e9voqu\u00e9 (v\u00e9g\u00e9taux, animaux, paysages)\u2026 \u201cMagique\u201d pour exprimer mon amour pour les mythes, l\u00e9gendes et contes.<\/p>\r\n\r\n\r\n\r\n<p><strong>QUE FABRIQUES-TU ?<\/strong><\/p>\r\n\r\n\r\n\r\n<div class=\"wp-block-image\">\r\n<figure class=\"aligncenter is-resized\"><img loading=\"lazy\" decoding=\"async\" class=\"wp-image-3493 aligncenter\" src=\"https:\/\/manofacto31.com\/wp-content\/uploads\/2022\/02\/sakura-10-300x225.jpg\" alt=\"\" width=\"550\" height=\"413\" srcset=\"https:\/\/manofacto31.com\/wp-content\/uploads\/2022\/02\/sakura-10-300x225.jpg 300w, https:\/\/manofacto31.com\/wp-content\/uploads\/2022\/02\/sakura-10-1024x769.jpg 1024w, https:\/\/manofacto31.com\/wp-content\/uploads\/2022\/02\/sakura-10-180x135.jpg 180w, https:\/\/manofacto31.com\/wp-content\/uploads\/2022\/02\/sakura-10-768x577.jpg 768w, https:\/\/manofacto31.com\/wp-content\/uploads\/2022\/02\/sakura-10-1536x1153.jpg 1536w, https:\/\/manofacto31.com\/wp-content\/uploads\/2022\/02\/sakura-10-2048x1538.jpg 2048w, https:\/\/manofacto31.com\/wp-content\/uploads\/2022\/02\/sakura-10-600x450.jpg 600w\" sizes=\"(max-width: 550px) 100vw, 550px\" \/><\/figure>\r\n<\/div>\r\n\r\n\r\n\r\n<p>Je cr\u00e9e des illustrations et des peintures, que je d\u00e9cline en cartes postales, tissus imprim\u00e9s et en tirages limit\u00e9s et des carr\u00e9s de soie, pi\u00e8ces uniques peintes \u00e0 la main.<br \/><br \/>J\u2019aime faire des croquis partout (dans le train, dans la nature, au parc ou au caf\u00e9..) mais l\u2019essentiel de mon travail se fait devant mon bureau. <br \/>Je travaille dans mon espace de travail d\u00e9di\u00e9 au sein d&rsquo;un atelier partag\u00e9 avec une dizaine d&rsquo;autres d&rsquo;artisans et d&rsquo;artistes dans le quartier Roseraie\/Bonnefoy.<\/p>\r\n\r\n\r\n\r\n<p>Je fais imprimer mes motifs textiles sur du coton bio en impression num\u00e9rique. Une fois le tissu imprim\u00e9, je cr\u00e9e le v\u00eatement.<br \/>Le r\u00e9sultat : une collection de jupes, robes et\u00a0 vestes kimono en pi\u00e8ces uniques ou en mini s\u00e9rie.<\/p>\r\n\r\n\r\n\r\n<div class=\"wp-block-image\">\r\n<figure class=\"aligncenter is-resized\"><img decoding=\"async\" class=\"wp-image-2809 aligncenter\" src=\"https:\/\/manofacto31.com\/wp-content\/uploads\/2021\/03\/eveliina-manofacto-2-1024x683.jpg\" alt=\"\" width=\"550\" srcset=\"https:\/\/manofacto31.com\/wp-content\/uploads\/2021\/03\/eveliina-manofacto-2-1024x683.jpg 1024w, https:\/\/manofacto31.com\/wp-content\/uploads\/2021\/03\/eveliina-manofacto-2-600x400.jpg 600w, https:\/\/manofacto31.com\/wp-content\/uploads\/2021\/03\/eveliina-manofacto-2-300x200.jpg 300w, https:\/\/manofacto31.com\/wp-content\/uploads\/2021\/03\/eveliina-manofacto-2-768x512.jpg 768w\" sizes=\"(max-width: 1024px) 100vw, 1024px\" \/><\/figure>\r\n<\/div>\r\n\r\n\r\n\r\n<p><strong>QUELLES SONT TES SOURCES D\u2019INSPIRATION ?<\/strong><\/p>\r\n\r\n\r\n\r\n<p>Le folklore nordique et les paysages sauvages du Nord, mais aussi ceux des Pyr\u00e9n\u00e9es ou encore l&rsquo;art japonais sont une source d&rsquo;inspiration majeure pour mon travail.<\/p>\r\n\r\n\r\n\r\n\r\n\r\n<p>Quelques grandes inspirations et artistes ador\u00e9s : Tove Jansson, JRR Tolkien, Hayao Miyazaki, Duke Ellington, Boris Vian, Chagall, Toulouse-Lautrec, Roald Dahl, Benjamin Lacombe, (et j\u2019en passe)\u2026<\/p>\r\n\r\n\r\n\r\n<p><strong>SI TU \u00c9TAIS UNE DE TES CR\u00c9ATIONS LAQUELLE SERAIS-TU ?<\/strong><\/p>\r\n\r\n\r\n\r\n<p><a href=\"https:\/\/www.eelalaitinen.com\/print-design\" target=\"_blank\" rel=\"noreferrer noopener\" aria-label=\"Une veste kimono aux motifs bleus (s\u2019ouvre dans un nouvel onglet)\">Une veste kimono aux motifs bleus<\/a> ! J\u2019ai un amour pour le Japon, ses paysages, sa culture et son art (les estampes, la peinture sumi\u00e9, l\u2019art du kimono\u2026). J&rsquo;adore le bleu.<\/p>\r\n\r\n\r\n\r\n<p><strong>3 CHOSES QUE TU AIMES, 3 CHOSES QUE TU N\u2019AIMES PAS ?<\/strong><\/p>\r\n\r\n\r\n\r\n<p>J\u2019aime la cuisine piment\u00e9e et \u00e9pic\u00e9e, le Sauna finlandais, le silence<br \/>Je n\u2019aime pas \u00eatre le centre de l\u2019attention ou faire du small talk&#8230;<\/p>\r\n\r\n\r\n\r\n<p><strong>QUEL EST TON MANTRA, TA CITATION PR\u00c9F\u00c9R\u00c9E ?<\/strong><\/p>\r\n\r\n\r\n\r\n<p>\u201cLa vuln\u00e9rabilit\u00e9 est le lieu de naissance de la joie, de la cr\u00e9ativit\u00e9, de l&rsquo;appartenance et de l&rsquo;amour\u201d<br \/>Ted talk : \u201cPower of vulnerability\u201d par Bren\u00e9 Brown<\/p>\r\n\r\n\r\n\r\n<div class=\"wp-block-image\">\r\n<figure class=\"aligncenter is-resized\"><img decoding=\"async\" class=\"wp-image-2808 aligncenter\" src=\"https:\/\/manofacto31.com\/wp-content\/uploads\/2021\/03\/eveliina-manofacto-1-1024x683.jpg\" alt=\"\" width=\"550\" srcset=\"https:\/\/manofacto31.com\/wp-content\/uploads\/2021\/03\/eveliina-manofacto-1-1024x683.jpg 1024w, https:\/\/manofacto31.com\/wp-content\/uploads\/2021\/03\/eveliina-manofacto-1-600x400.jpg 600w, https:\/\/manofacto31.com\/wp-content\/uploads\/2021\/03\/eveliina-manofacto-1-300x200.jpg 300w, https:\/\/manofacto31.com\/wp-content\/uploads\/2021\/03\/eveliina-manofacto-1-768x512.jpg 768w\" sizes=\"(max-width: 1024px) 100vw, 1024px\" \/><\/figure>\r\n<\/div>\r\n\r\n\r\n\r\n<p><strong>O\u00d9 TE TROUVE-T-ON (\u00c0 PART MANO FACTO) ?<\/strong><br \/>Sur rendez-vous dans mon atelier \u00e0 Toulouse<br \/><a href=\"http:\/\/www.eelalaitinen.com\" target=\"_blank\" rel=\"noopener\">Site<\/a><br \/><a href=\"https:\/\/www.facebook.com\/eelalaitinendesign\" target=\"_blank\" rel=\"noopener\">Facebook<\/a><br \/><a href=\"https:\/\/www.instagram.com\/eelalaitinen\/\" target=\"_blank\" rel=\"noopener\">Instagram<\/a><\/p>\r\n\r\n\r\n","protected":false},"excerpt":{"rendered":"<p>QUI ES-TU ? Eveliina (Eela) Laitinen. J\u2019habite \u00e0 Toulouse avec mon ch\u00e9ri (et ma belle-fille de 9 ans un week-end sur deux). J\u2019aime beaucoup les chats, mais nous n\u2019en avons pas. TON PARCOURS Je suis finlandaise et j\u2019ai grandi \u00e0 &hellip; <a class=\"more-link\" href=\"https:\/\/manofacto31.com\/?page_id=2562\">Lire la suite <span class=\"meta-nav\">&rarr;<\/span><\/a><\/p>\n","protected":false},"author":5,"featured_media":0,"parent":62,"menu_order":0,"comment_status":"closed","ping_status":"closed","template":"nosidebar-page.php","meta":{"saved_in_kubio":false,"footnotes":""},"class_list":["post-2562","page","type-page","status-publish","hentry"],"kubio_ai_page_context":{"short_desc":"","purpose":"general"},"_links":{"self":[{"href":"https:\/\/manofacto31.com\/index.php?rest_route=\/wp\/v2\/pages\/2562","targetHints":{"allow":["GET"]}}],"collection":[{"href":"https:\/\/manofacto31.com\/index.php?rest_route=\/wp\/v2\/pages"}],"about":[{"href":"https:\/\/manofacto31.com\/index.php?rest_route=\/wp\/v2\/types\/page"}],"author":[{"embeddable":true,"href":"https:\/\/manofacto31.com\/index.php?rest_route=\/wp\/v2\/users\/5"}],"replies":[{"embeddable":true,"href":"https:\/\/manofacto31.com\/index.php?rest_route=%2Fwp%2Fv2%2Fcomments&post=2562"}],"version-history":[{"count":23,"href":"https:\/\/manofacto31.com\/index.php?rest_route=\/wp\/v2\/pages\/2562\/revisions"}],"predecessor-version":[{"id":3495,"href":"https:\/\/manofacto31.com\/index.php?rest_route=\/wp\/v2\/pages\/2562\/revisions\/3495"}],"up":[{"embeddable":true,"href":"https:\/\/manofacto31.com\/index.php?rest_route=\/wp\/v2\/pages\/62"}],"wp:attachment":[{"href":"https:\/\/manofacto31.com\/index.php?rest_route=%2Fwp%2Fv2%2Fmedia&parent=2562"}],"curies":[{"name":"wp","href":"https:\/\/api.w.org\/{rel}","templated":true}]}}