{"id":32,"date":"2015-07-14T17:46:11","date_gmt":"2015-07-14T17:46:11","guid":{"rendered":"http:\/\/manofacto31.com\/?page_id=32"},"modified":"2023-11-09T10:10:12","modified_gmt":"2023-11-09T10:10:12","slug":"les-createurs","status":"publish","type":"page","link":"https:\/\/manofacto31.com\/?page_id=32","title":{"rendered":"Les cr\u00e9ateurs"},"content":{"rendered":"<p>Une vingtaine de cr\u00e9ateurs locaux vous pr\u00e9sentent leur savoir-faire \u00e0 travers des cr\u00e9ations uniques ou en petites s\u00e9ries.<\/p>\n<p><img loading=\"lazy\" decoding=\"async\" class=\"alignnone wp-image-3732 size-full\" src=\"https:\/\/manofacto31.com\/wp-content\/uploads\/2023\/11\/Team2023-5.jpg\" alt=\"\" width=\"1000\" height=\"700\" srcset=\"https:\/\/manofacto31.com\/wp-content\/uploads\/2023\/11\/Team2023-5.jpg 1000w, https:\/\/manofacto31.com\/wp-content\/uploads\/2023\/11\/Team2023-5-300x210.jpg 300w, https:\/\/manofacto31.com\/wp-content\/uploads\/2023\/11\/Team2023-5-768x538.jpg 768w, https:\/\/manofacto31.com\/wp-content\/uploads\/2023\/11\/Team2023-5-600x420.jpg 600w\" sizes=\"(max-width: 1000px) 100vw, 1000px\" \/><\/p>\n<p><a title=\"Accessoires textiles, cuir\" href=\"https:\/\/manofacto31.com\/?page_id=44\">Accessoires textile, cuir<\/a><\/p>\n<p><a title=\"Arts graphiques, photographie\" href=\"https:\/\/manofacto31.com\/?page_id=46\">Arts graphiques, photographie<\/a><\/p>\n<p><a title=\"Bijoux\" href=\"https:\/\/manofacto31.com\/?page_id=48\">Bijoux<\/a><\/p>\n<p><a title=\"C\u00e9ramique\" href=\"\/?page_id=945\">C\u00e9ramique<\/a><\/p>\n<p><a title=\"Luminaires, d\u00e9co\" href=\"https:\/\/manofacto31.com\/?page_id=56\">D\u00e9coration, Luminaires<\/a><\/p>\n<p><a title=\"Papeterie, reliure\" href=\"https:\/\/manofacto31.com\/?page_id=52\">Papeterie, reliure<\/a><\/p>\n<p><a title=\"Pr\u00eat \u00e0 porter\" href=\"https:\/\/manofacto31.com\/?page_id=54\">Pr\u00eat-\u00e0-porter<\/a><\/p>\n<p><a title=\"Univers enfants\" href=\"\/?page_id=739\">Univers enfant<\/a><\/p>\n<p>&nbsp;<\/p>\n<p>&nbsp;<\/p>\n<p><a title=\"Ils sont pass\u00e9s par ici\u2026\" href=\"\/?page_id=62\">ils sont pass\u00e9s par ici&#8230;<\/a><\/p>\n<p>&nbsp;<\/p>\n<p>&nbsp;<\/p>\n<p>&nbsp;<\/p>\n<p>&nbsp;<\/p>\n","protected":false},"excerpt":{"rendered":"<p>Une vingtaine de cr\u00e9ateurs locaux vous pr\u00e9sentent leur savoir-faire \u00e0 travers des cr\u00e9ations uniques ou en petites s\u00e9ries. Accessoires textile, cuir Arts graphiques, photographie Bijoux C\u00e9ramique D\u00e9coration, Luminaires Papeterie, reliure Pr\u00eat-\u00e0-porter Univers enfant &nbsp; &nbsp; ils sont pass\u00e9s par ici&#8230; &hellip; <a class=\"more-link\" href=\"https:\/\/manofacto31.com\/?page_id=32\">Lire la suite <span class=\"meta-nav\">&rarr;<\/span><\/a><\/p>\n","protected":false},"author":1,"featured_media":0,"parent":0,"menu_order":0,"comment_status":"closed","ping_status":"open","template":"","meta":{"saved_in_kubio":false,"footnotes":""},"class_list":["post-32","page","type-page","status-publish","hentry"],"kubio_ai_page_context":{"short_desc":"","purpose":"general"},"_links":{"self":[{"href":"https:\/\/manofacto31.com\/index.php?rest_route=\/wp\/v2\/pages\/32","targetHints":{"allow":["GET"]}}],"collection":[{"href":"https:\/\/manofacto31.com\/index.php?rest_route=\/wp\/v2\/pages"}],"about":[{"href":"https:\/\/manofacto31.com\/index.php?rest_route=\/wp\/v2\/types\/page"}],"author":[{"embeddable":true,"href":"https:\/\/manofacto31.com\/index.php?rest_route=\/wp\/v2\/users\/1"}],"replies":[{"embeddable":true,"href":"https:\/\/manofacto31.com\/index.php?rest_route=%2Fwp%2Fv2%2Fcomments&post=32"}],"version-history":[{"count":11,"href":"https:\/\/manofacto31.com\/index.php?rest_route=\/wp\/v2\/pages\/32\/revisions"}],"predecessor-version":[{"id":3733,"href":"https:\/\/manofacto31.com\/index.php?rest_route=\/wp\/v2\/pages\/32\/revisions\/3733"}],"wp:attachment":[{"href":"https:\/\/manofacto31.com\/index.php?rest_route=%2Fwp%2Fv2%2Fmedia&parent=32"}],"curies":[{"name":"wp","href":"https:\/\/api.w.org\/{rel}","templated":true}]}}