{"id":3462,"date":"2022-02-03T11:45:11","date_gmt":"2022-02-03T11:45:11","guid":{"rendered":"https:\/\/manofacto31.com\/?page_id=3462"},"modified":"2025-11-23T10:25:04","modified_gmt":"2025-11-23T10:25:04","slug":"alice-nouchi","status":"publish","type":"page","link":"https:\/\/manofacto31.com\/?page_id=3462","title":{"rendered":"Alice Nouchi"},"content":{"rendered":"\r\n<div class=\"wp-block-image\">\r\n<figure class=\"aligncenter is-resized\"><img loading=\"lazy\" decoding=\"async\" class=\"wp-image-3483 aligncenter\" src=\"https:\/\/manofacto31.com\/wp-content\/uploads\/2022\/02\/IMG_20210408_223558-1-211x300.jpg\" alt=\"\" width=\"450\" height=\"641\" srcset=\"https:\/\/manofacto31.com\/wp-content\/uploads\/2022\/02\/IMG_20210408_223558-1-211x300.jpg 211w, https:\/\/manofacto31.com\/wp-content\/uploads\/2022\/02\/IMG_20210408_223558-1-719x1024.jpg 719w, https:\/\/manofacto31.com\/wp-content\/uploads\/2022\/02\/IMG_20210408_223558-1-768x1094.jpg 768w, https:\/\/manofacto31.com\/wp-content\/uploads\/2022\/02\/IMG_20210408_223558-1-1078x1536.jpg 1078w, https:\/\/manofacto31.com\/wp-content\/uploads\/2022\/02\/IMG_20210408_223558-1-1437x2048.jpg 1437w, https:\/\/manofacto31.com\/wp-content\/uploads\/2022\/02\/IMG_20210408_223558-1-600x855.jpg 600w, https:\/\/manofacto31.com\/wp-content\/uploads\/2022\/02\/IMG_20210408_223558-1-scaled.jpg 1796w\" sizes=\"(max-width: 450px) 100vw, 450px\" \/><\/figure>\r\n<p><strong>QUI ES-TU ?<br \/><\/strong><br \/><span lang=\"fr-FR\">Alice Nouchi, artiste c\u00e9ramiste, 31 ans, <\/span><span lang=\"fr-FR\">je vis a Toulouse, mon atelier est \u00e0 Grenade sur Garonne.<br \/><br \/><\/span><strong>TON PARCOURS<br \/><br \/><\/strong><span lang=\"fr-FR\">Apr\u00e8s un parcours dans le design \u00e0 Paris puis en Art aux Beaux-Arts de Toulouse, c\u2019est \u00e0 Cardiff, au Royaume-Uni que je d\u00e9couvre la c\u00e9ramique, un m\u00e9tier qui va tr\u00e8s rapidement me passionner.<\/span><br \/><br \/><span lang=\"fr-FR\">En effet, \u00e0 travers le tournage au tour \u00e9lectrique de l\u2019argile, je d\u00e9couvre comment r\u00e9aliser dans la mati\u00e8re mes questionnements sur les notions qui me fascinent depuis toujours en tant qu\u2019artiste : le vide, le plein, la courbe et la ligne.<\/span><br \/><br \/><span lang=\"fr-FR\">Apr\u00e8s avoir pratiqu\u00e9 dans un atelier partag\u00e9 pendant 3 ans au Pays de galles, c\u2019est en 2020 que je d\u00e9cide de revenir en France, et installe mon propre atelier pr\u00e8s de Toulouse, \u00e0 Grenade sur Garonne.<br \/><\/span><strong>\u00a0<\/strong><\/p>\r\n<figure class=\"aligncenter is-resized\"><strong><img loading=\"lazy\" decoding=\"async\" class=\"wp-image-3482 aligncenter\" src=\"https:\/\/manofacto31.com\/wp-content\/uploads\/2022\/02\/IMG_20210331_130101-1-225x300.jpg\" alt=\"\" width=\"450\" height=\"600\" srcset=\"https:\/\/manofacto31.com\/wp-content\/uploads\/2022\/02\/IMG_20210331_130101-1-225x300.jpg 225w, https:\/\/manofacto31.com\/wp-content\/uploads\/2022\/02\/IMG_20210331_130101-1-768x1024.jpg 768w, https:\/\/manofacto31.com\/wp-content\/uploads\/2022\/02\/IMG_20210331_130101-1-1152x1536.jpg 1152w, https:\/\/manofacto31.com\/wp-content\/uploads\/2022\/02\/IMG_20210331_130101-1-1536x2048.jpg 1536w, https:\/\/manofacto31.com\/wp-content\/uploads\/2022\/02\/IMG_20210331_130101-1-600x800.jpg 600w, https:\/\/manofacto31.com\/wp-content\/uploads\/2022\/02\/IMG_20210331_130101-1-scaled.jpg 1920w\" sizes=\"(max-width: 450px) 100vw, 450px\" \/><\/strong><\/figure>\r\n<\/div>\r\n<p><strong>QUE FABRIQUES-TU ?<\/strong><br \/><br \/><span lang=\"fr-FR\">Je travaille le gr\u00e8s et la porcelaine \u00e0 l\u2019aide de mon meilleur ami le tour \u00e9lectrique, quelques outils en bois et m\u00e9tal, beaucoup d\u2019eau et d\u2019\u2019\u00e9ponges, et surtout mes petites mains. <br \/>Je produits surtout des petites s\u00e9ries d\u2019objets d\u2019art de la table (tasses, bols, pots \u00e0 couvercle, th\u00e9i\u00e8res) et des pi\u00e8ces uniques de d\u00e9coration comme des vases ou des pichets.<br \/><br \/>J\u2019aime cr\u00e9er des formes qui allient des lignes pures et anguleuses \u00e0 des courbes harmonieuses. J&rsquo;adore par exemple fabriquer des objets avec anses car cela me permet de jouer avec la correspondance des formes.<br \/><br \/>J\u2019explore aussi le r\u00e9pertoire du dessin dans mes pi\u00e8ces en porcelaine, sur lesquelles je trace des formes qui oscillent entre abstraction et figuration. Ces lignes bleues sur le fond blanc de la porcelaine sont parfois des corps, des d\u00e9cors, des paysages, des animaux\u2026 selon l\u2019imagination de chacun ! <br \/><br \/>L\u2019\u00e9tape de l\u2019\u00e9maillage et le travail de la couleur me fascine tout autant : mes recettes d\u2019\u00e9maux color\u00e9s sont le fruit d\u2019une longue recherche et d\u2019exp\u00e9rimentations toujours en cours. J\u2019aime d\u00e9couvrir quelles combinaisons d\u2019oxydes m\u00e9talliques produiront telle couleur, selon la temp\u00e9rature de cuisson, l\u2019\u00e9paisseur, la densit\u00e9 de l\u2019\u00e9mail\u2026 <br \/><br \/>L\u2019ouverture de mon four \u00e9lectrique, apr\u00e8s la deuxi\u00e8me et finale cuisson \u00e0 1240-1250\u00b0c est toujours un moment d\u00e9cisif, lorsque je d\u00e9couvre les couleurs obtenues et les formes et tailles d\u00e9finitives des pi\u00e8ces.<br \/><br \/><\/span><strong><span lang=\"fr-FR\">QUELLES SONT TES SOURCES D\u2019INSPIRATION ?<br \/><br \/><\/span><\/strong><span lang=\"fr-FR\">La nature, les arbres, la ligne d\u2019un horizon, la courbe d\u2019une colline, le ciel, les nuages, leurs couleurs et volutes<\/span><br \/><span lang=\"fr-FR\">Le corps humain, son anatomie, le mouvement, la danse<\/span><br \/><span lang=\"fr-FR\">La communaut\u00e9 de potiers sur Instagramet facebook, source de savoirs-faire et de motivation permanente<\/span><br \/><span lang=\"fr-FR\">L\u2019art conceptuel, ou abstrait, ou figuratif ! le dessin, la musique\u2026<br \/>Le r\u00eave, l\u2019infini, la notion d\u2019absolu<br \/><\/span><br \/><strong>SI TU \u00c9TAIS UNE DE TES CR\u00c9ATIONS LAQUELLE SERAIS-TU ?<br \/><\/strong><span lang=\"fr-FR\"><br \/>Un vase \u00e0 anse<br \/><br \/><\/span><\/p>\r\n<p><img loading=\"lazy\" decoding=\"async\" class=\"aligncenter wp-image-3439\" src=\"https:\/\/manofacto31.com\/wp-content\/uploads\/2022\/01\/Capture-de\u0301cran-2021-12-27-a\u0300-21.17.50-1024x1015.jpg\" alt=\"\" width=\"550\" height=\"545\" srcset=\"https:\/\/manofacto31.com\/wp-content\/uploads\/2022\/01\/Capture-de\u0301cran-2021-12-27-a\u0300-21.17.50-1024x1015.jpg 1024w, https:\/\/manofacto31.com\/wp-content\/uploads\/2022\/01\/Capture-de\u0301cran-2021-12-27-a\u0300-21.17.50-300x297.jpg 300w, https:\/\/manofacto31.com\/wp-content\/uploads\/2022\/01\/Capture-de\u0301cran-2021-12-27-a\u0300-21.17.50-768x761.jpg 768w, https:\/\/manofacto31.com\/wp-content\/uploads\/2022\/01\/Capture-de\u0301cran-2021-12-27-a\u0300-21.17.50-600x595.jpg 600w, https:\/\/manofacto31.com\/wp-content\/uploads\/2022\/01\/Capture-de\u0301cran-2021-12-27-a\u0300-21.17.50-100x100.jpg 100w, https:\/\/manofacto31.com\/wp-content\/uploads\/2022\/01\/Capture-de\u0301cran-2021-12-27-a\u0300-21.17.50.jpg 1322w\" sizes=\"(max-width: 550px) 100vw, 550px\" \/><br \/><br \/><strong>3 CHOSES QUE TU AIMES, 3 CHOSES QUE TU N\u2019AIMES PAS ?<\/strong><br \/><br \/><span lang=\"fr-FR\">J\u2019aime : tourner des vases, dessiner des lignes et des courbes, l\u2019exp\u00e9rimentation<br \/><\/span><span lang=\"fr-FR\">Je n\u2019aime pas : m\u2019exprimer en public, le marketing, les dead-lines<br \/><br \/><\/span><strong>QUEL EST TON MANTRA, TA CITATION PR\u00c9F\u00c9R\u00c9E ?<br \/><br \/><\/strong><span lang=\"fr-FR\">\u00ab\u00a0L\u2019horizon le plus plat est la surface calme d\u2019un liquide. <\/span><br \/><span lang=\"fr-FR\">Et pourtant tout est courbe.\u00a0\u00bb<br \/><\/span><strong>\u00a0<\/strong><\/p>\r\n<p><img loading=\"lazy\" decoding=\"async\" class=\"wp-image-3484 aligncenter\" src=\"https:\/\/manofacto31.com\/wp-content\/uploads\/2022\/02\/IMG_20210331_203018-1-225x300.jpg\" alt=\"\" width=\"450\" height=\"600\" srcset=\"https:\/\/manofacto31.com\/wp-content\/uploads\/2022\/02\/IMG_20210331_203018-1-225x300.jpg 225w, https:\/\/manofacto31.com\/wp-content\/uploads\/2022\/02\/IMG_20210331_203018-1-768x1024.jpg 768w, https:\/\/manofacto31.com\/wp-content\/uploads\/2022\/02\/IMG_20210331_203018-1-1152x1536.jpg 1152w, https:\/\/manofacto31.com\/wp-content\/uploads\/2022\/02\/IMG_20210331_203018-1-1536x2048.jpg 1536w, https:\/\/manofacto31.com\/wp-content\/uploads\/2022\/02\/IMG_20210331_203018-1-600x800.jpg 600w, https:\/\/manofacto31.com\/wp-content\/uploads\/2022\/02\/IMG_20210331_203018-1-scaled.jpg 1920w\" sizes=\"(max-width: 450px) 100vw, 450px\" \/><\/p>\r\n<p><strong>O\u00d9 TE TROUVE-T-ON (\u00c0 PART MANO FACTO) ?<\/strong><br \/><br \/><span lang=\"fr-FR\">A mon atelier \u00e0 Grenade sur Garonne sur rendez vous<\/span><br \/><span lang=\"fr-FR\">Sur les march\u00e9s des cr\u00e9ateurs \u00e0 Toulouse -&gt; asso Fait Main 31, place st pierre le 1er Dimanche du mois,<br \/><\/span><span lang=\"fr-FR\">-&gt; le march\u00e9 des Ramblas, sur les all\u00e9es Jean Jaur\u00e8s les Dimanches<br \/><br \/><\/span><a href=\"https:\/\/www.facebook.com\/anouchiceramics\/\" target=\"_blank\" rel=\"noreferrer noopener\" aria-label=\" (s\u2019ouvre dans un nouvel onglet)\">Site<\/a><br \/><a href=\"https:\/\/www.facebook.com\/anouchiceramics\/\" target=\"_blank\" rel=\"noreferrer noopener\" aria-label=\"Facebook (s\u2019ouvre dans un nouvel onglet)\">Facebook<\/a><br \/><a href=\"https:\/\/www.instagram.com\/alice_nouchi_ceramiques\/\" target=\"_blank\" rel=\"noreferrer noopener\" aria-label=\"Instagram (s\u2019ouvre dans un nouvel onglet)\">Instagram<\/a><\/p>\r\n","protected":false},"excerpt":{"rendered":"","protected":false},"author":5,"featured_media":3440,"parent":945,"menu_order":0,"comment_status":"closed","ping_status":"closed","template":"","meta":{"saved_in_kubio":true,"footnotes":""},"class_list":["post-3462","page","type-page","status-publish","has-post-thumbnail","hentry"],"kubio_ai_page_context":{"short_desc":"","purpose":"general"},"_links":{"self":[{"href":"https:\/\/manofacto31.com\/index.php?rest_route=\/wp\/v2\/pages\/3462","targetHints":{"allow":["GET"]}}],"collection":[{"href":"https:\/\/manofacto31.com\/index.php?rest_route=\/wp\/v2\/pages"}],"about":[{"href":"https:\/\/manofacto31.com\/index.php?rest_route=\/wp\/v2\/types\/page"}],"author":[{"embeddable":true,"href":"https:\/\/manofacto31.com\/index.php?rest_route=\/wp\/v2\/users\/5"}],"replies":[{"embeddable":true,"href":"https:\/\/manofacto31.com\/index.php?rest_route=%2Fwp%2Fv2%2Fcomments&post=3462"}],"version-history":[{"count":6,"href":"https:\/\/manofacto31.com\/index.php?rest_route=\/wp\/v2\/pages\/3462\/revisions"}],"predecessor-version":[{"id":3500,"href":"https:\/\/manofacto31.com\/index.php?rest_route=\/wp\/v2\/pages\/3462\/revisions\/3500"}],"up":[{"embeddable":true,"href":"https:\/\/manofacto31.com\/index.php?rest_route=\/wp\/v2\/pages\/945"}],"wp:featuredmedia":[{"embeddable":true,"href":"https:\/\/manofacto31.com\/index.php?rest_route=\/wp\/v2\/media\/3440"}],"wp:attachment":[{"href":"https:\/\/manofacto31.com\/index.php?rest_route=%2Fwp%2Fv2%2Fmedia&parent=3462"}],"curies":[{"name":"wp","href":"https:\/\/api.w.org\/{rel}","templated":true}]}}

<div class="wp-block-image">
<figure class="aligncenter is-resized"><img loading="lazy" decoding="async" class="wp-image-3483 aligncenter" src="https://manofacto31.com/wp-content/uploads/2022/02/IMG_20210408_223558-1-211x300.jpg" alt="" width="450" height="641" srcset="https://manofacto31.com/wp-content/uploads/2022/02/IMG_20210408_223558-1-211x300.jpg 211w, https://manofacto31.com/wp-content/uploads/2022/02/IMG_20210408_223558-1-719x1024.jpg 719w, https://manofacto31.com/wp-content/uploads/2022/02/IMG_20210408_223558-1-768x1094.jpg 768w, https://manofacto31.com/wp-content/uploads/2022/02/IMG_20210408_223558-1-1078x1536.jpg 1078w, https://manofacto31.com/wp-content/uploads/2022/02/IMG_20210408_223558-1-1437x2048.jpg 1437w, https://manofacto31.com/wp-content/uploads/2022/02/IMG_20210408_223558-1-600x855.jpg 600w, https://manofacto31.com/wp-content/uploads/2022/02/IMG_20210408_223558-1-scaled.jpg 1796w" sizes="(max-width: 450px) 100vw, 450px" /></figure>
<p><strong>QUI ES-TU ?<br /></strong><br /><span lang="fr-FR">Alice Nouchi, artiste céramiste, 31 ans, </span><span lang="fr-FR">je vis a Toulouse, mon atelier est à Grenade sur Garonne.<br /><br /></span><strong>TON PARCOURS<br /><br /></strong><span lang="fr-FR">Après un parcours dans le design à Paris puis en Art aux Beaux-Arts de Toulouse, c’est à Cardiff, au Royaume-Uni que je découvre la céramique, un métier qui va très rapidement me passionner.</span><br /><br /><span lang="fr-FR">En effet, à travers le tournage au tour électrique de l’argile, je découvre comment réaliser dans la matière mes questionnements sur les notions qui me fascinent depuis toujours en tant qu’artiste : le vide, le plein, la courbe et la ligne.</span><br /><br /><span lang="fr-FR">Après avoir pratiqué dans un atelier partagé pendant 3 ans au Pays de galles, c’est en 2020 que je décide de revenir en France, et installe mon propre atelier près de Toulouse, à Grenade sur Garonne.<br /></span><strong> </strong></p>
<figure class="aligncenter is-resized"><strong><img loading="lazy" decoding="async" class="wp-image-3482 aligncenter" src="https://manofacto31.com/wp-content/uploads/2022/02/IMG_20210331_130101-1-225x300.jpg" alt="" width="450" height="600" srcset="https://manofacto31.com/wp-content/uploads/2022/02/IMG_20210331_130101-1-225x300.jpg 225w, https://manofacto31.com/wp-content/uploads/2022/02/IMG_20210331_130101-1-768x1024.jpg 768w, https://manofacto31.com/wp-content/uploads/2022/02/IMG_20210331_130101-1-1152x1536.jpg 1152w, https://manofacto31.com/wp-content/uploads/2022/02/IMG_20210331_130101-1-1536x2048.jpg 1536w, https://manofacto31.com/wp-content/uploads/2022/02/IMG_20210331_130101-1-600x800.jpg 600w, https://manofacto31.com/wp-content/uploads/2022/02/IMG_20210331_130101-1-scaled.jpg 1920w" sizes="(max-width: 450px) 100vw, 450px" /></strong></figure>
</div>
<p><strong>QUE FABRIQUES-TU ?</strong><br /><br /><span lang="fr-FR">Je travaille le grès et la porcelaine à l’aide de mon meilleur ami le tour électrique, quelques outils en bois et métal, beaucoup d’eau et d’’éponges, et surtout mes petites mains. <br />Je produits surtout des petites séries d’objets d’art de la table (tasses, bols, pots à couvercle, théières) et des pièces uniques de décoration comme des vases ou des pichets.<br /><br />J’aime créer des formes qui allient des lignes pures et anguleuses à des courbes harmonieuses. J&rsquo;adore par exemple fabriquer des objets avec anses car cela me permet de jouer avec la correspondance des formes.<br /><br />J’explore aussi le répertoire du dessin dans mes pièces en porcelaine, sur lesquelles je trace des formes qui oscillent entre abstraction et figuration. Ces lignes bleues sur le fond blanc de la porcelaine sont parfois des corps, des décors, des paysages, des animaux… selon l’imagination de chacun ! <br /><br />L’étape de l’émaillage et le travail de la couleur me fascine tout autant : mes recettes d’émaux colorés sont le fruit d’une longue recherche et d’expérimentations toujours en cours. J’aime découvrir quelles combinaisons d’oxydes métalliques produiront telle couleur, selon la température de cuisson, l’épaisseur, la densité de l’émail… <br /><br />L’ouverture de mon four électrique, après la deuxième et finale cuisson à 1240-1250°c est toujours un moment décisif, lorsque je découvre les couleurs obtenues et les formes et tailles définitives des pièces.<br /><br /></span><strong><span lang="fr-FR">QUELLES SONT TES SOURCES D’INSPIRATION ?<br /><br /></span></strong><span lang="fr-FR">La nature, les arbres, la ligne d’un horizon, la courbe d’une colline, le ciel, les nuages, leurs couleurs et volutes</span><br /><span lang="fr-FR">Le corps humain, son anatomie, le mouvement, la danse</span><br /><span lang="fr-FR">La communauté de potiers sur Instagramet facebook, source de savoirs-faire et de motivation permanente</span><br /><span lang="fr-FR">L’art conceptuel, ou abstrait, ou figuratif ! le dessin, la musique…<br />Le rêve, l’infini, la notion d’absolu<br /></span><br /><strong>SI TU ÉTAIS UNE DE TES CRÉATIONS LAQUELLE SERAIS-TU ?<br /></strong><span lang="fr-FR"><br />Un vase à anse<br /><br /></span></p>
<p><img loading="lazy" decoding="async" class="aligncenter wp-image-3439" src="https://manofacto31.com/wp-content/uploads/2022/01/Capture-décran-2021-12-27-à-21.17.50-1024x1015.jpg" alt="" width="550" height="545" srcset="https://manofacto31.com/wp-content/uploads/2022/01/Capture-décran-2021-12-27-à-21.17.50-1024x1015.jpg 1024w, https://manofacto31.com/wp-content/uploads/2022/01/Capture-décran-2021-12-27-à-21.17.50-300x297.jpg 300w, https://manofacto31.com/wp-content/uploads/2022/01/Capture-décran-2021-12-27-à-21.17.50-768x761.jpg 768w, https://manofacto31.com/wp-content/uploads/2022/01/Capture-décran-2021-12-27-à-21.17.50-600x595.jpg 600w, https://manofacto31.com/wp-content/uploads/2022/01/Capture-décran-2021-12-27-à-21.17.50-100x100.jpg 100w, https://manofacto31.com/wp-content/uploads/2022/01/Capture-décran-2021-12-27-à-21.17.50.jpg 1322w" sizes="(max-width: 550px) 100vw, 550px" /><br /><br /><strong>3 CHOSES QUE TU AIMES, 3 CHOSES QUE TU N’AIMES PAS ?</strong><br /><br /><span lang="fr-FR">J’aime : tourner des vases, dessiner des lignes et des courbes, l’expérimentation<br /></span><span lang="fr-FR">Je n’aime pas : m’exprimer en public, le marketing, les dead-lines<br /><br /></span><strong>QUEL EST TON MANTRA, TA CITATION PRÉFÉRÉE ?<br /><br /></strong><span lang="fr-FR">« L’horizon le plus plat est la surface calme d’un liquide. </span><br /><span lang="fr-FR">Et pourtant tout est courbe. »<br /></span><strong> </strong></p>
<p><img loading="lazy" decoding="async" class="wp-image-3484 aligncenter" src="https://manofacto31.com/wp-content/uploads/2022/02/IMG_20210331_203018-1-225x300.jpg" alt="" width="450" height="600" srcset="https://manofacto31.com/wp-content/uploads/2022/02/IMG_20210331_203018-1-225x300.jpg 225w, https://manofacto31.com/wp-content/uploads/2022/02/IMG_20210331_203018-1-768x1024.jpg 768w, https://manofacto31.com/wp-content/uploads/2022/02/IMG_20210331_203018-1-1152x1536.jpg 1152w, https://manofacto31.com/wp-content/uploads/2022/02/IMG_20210331_203018-1-1536x2048.jpg 1536w, https://manofacto31.com/wp-content/uploads/2022/02/IMG_20210331_203018-1-600x800.jpg 600w, https://manofacto31.com/wp-content/uploads/2022/02/IMG_20210331_203018-1-scaled.jpg 1920w" sizes="(max-width: 450px) 100vw, 450px" /></p>
<p><strong>OÙ TE TROUVE-T-ON (À PART MANO FACTO) ?</strong><br /><br /><span lang="fr-FR">A mon atelier à Grenade sur Garonne sur rendez vous</span><br /><span lang="fr-FR">Sur les marchés des créateurs à Toulouse -&gt; asso Fait Main 31, place st pierre le 1er Dimanche du mois,<br /></span><span lang="fr-FR">-&gt; le marché des Ramblas, sur les allées Jean Jaurès les Dimanches<br /><br /></span><a href="https://www.facebook.com/anouchiceramics/" target="_blank" rel="noreferrer noopener" aria-label=" (s’ouvre dans un nouvel onglet)">Site</a><br /><a href="https://www.facebook.com/anouchiceramics/" target="_blank" rel="noreferrer noopener" aria-label="Facebook (s’ouvre dans un nouvel onglet)">Facebook</a><br /><a href="https://www.instagram.com/alice_nouchi_ceramiques/" target="_blank" rel="noreferrer noopener" aria-label="Instagram (s’ouvre dans un nouvel onglet)">Instagram</a></p>
