{"id":3653,"date":"2023-06-23T09:02:56","date_gmt":"2023-06-23T09:02:56","guid":{"rendered":"https:\/\/manofacto31.com\/?page_id=3653"},"modified":"2025-11-23T10:41:35","modified_gmt":"2025-11-23T10:41:35","slug":"tramplemousse","status":"publish","type":"page","link":"https:\/\/manofacto31.com\/?page_id=3653","title":{"rendered":"Tramplemousse"},"content":{"rendered":"\r\n\r\n\r\n<p><strong><img loading=\"lazy\" decoding=\"async\" class=\"alignnone  wp-image-3654\" src=\"https:\/\/manofacto31.com\/wp-content\/uploads\/2023\/06\/TRHC0667-scaled.jpg\" alt=\"\" width=\"554\" height=\"737\" srcset=\"https:\/\/manofacto31.com\/wp-content\/uploads\/2023\/06\/TRHC0667-scaled.jpg 1923w, https:\/\/manofacto31.com\/wp-content\/uploads\/2023\/06\/TRHC0667-225x300.jpg 225w, https:\/\/manofacto31.com\/wp-content\/uploads\/2023\/06\/TRHC0667-769x1024.jpg 769w, https:\/\/manofacto31.com\/wp-content\/uploads\/2023\/06\/TRHC0667-768x1022.jpg 768w, https:\/\/manofacto31.com\/wp-content\/uploads\/2023\/06\/TRHC0667-1154x1536.jpg 1154w, https:\/\/manofacto31.com\/wp-content\/uploads\/2023\/06\/TRHC0667-1539x2048.jpg 1539w, https:\/\/manofacto31.com\/wp-content\/uploads\/2023\/06\/TRHC0667-600x799.jpg 600w\" sizes=\"(max-width: 554px) 100vw, 554px\" \/><\/strong><\/p>\r\n<p><strong>QUI ES-TU ?<\/strong><\/p>\r\n\r\n\r\n\r\n<p>Florence Cugny, cr\u00e9atrice de la marque Tramplemousse.<\/p>\r\n<p>Je suis Toulousaine et partage un appartement avec mon poisson Globulux.<\/p>\r\n\r\n\r\n\r\n<p><strong> TON PARCOURS<\/strong><\/p>\r\n\r\n\r\n\r\n<p>J&rsquo;ai fais 4 ans d&rsquo;\u00e9tudes des mod\u00e9lisme (2 ans \u00e0 Toulouse puis 2 ans en alternance \u00e0 Paris).<br \/>Apr\u00e8s avoir travaill\u00e9 dans le milieu de la mode \u00e0 Paris, je me suis aper\u00e7u que cette conception de la<br \/>mode fast fashion ne me convenait pas. Je me suis donc lanc\u00e9e pour cr\u00e9er ma propre marque<br \/>artisanale Toulousaine en 2013.<br \/>\u00ab Tramplemousse \u00bb c&rsquo;est le nom que j&rsquo;utilisais pour dire \u00ab Pamplemousse \u00bb quand j&rsquo;\u00e9tais petite. Je<br \/>l&rsquo;ai donc utilis\u00e9 comme nom de marque car je trouvais que \u00e7a donnait un c\u00f4t\u00e9 acidul\u00e9, p\u00e9tillant.<\/p>\r\n<p><img loading=\"lazy\" decoding=\"async\" class=\"alignnone size-full wp-image-3655\" src=\"https:\/\/manofacto31.com\/wp-content\/uploads\/2023\/06\/DSC05343.jpg\" alt=\"\" width=\"800\" height=\"600\" srcset=\"https:\/\/manofacto31.com\/wp-content\/uploads\/2023\/06\/DSC05343.jpg 800w, https:\/\/manofacto31.com\/wp-content\/uploads\/2023\/06\/DSC05343-300x225.jpg 300w, https:\/\/manofacto31.com\/wp-content\/uploads\/2023\/06\/DSC05343-180x135.jpg 180w, https:\/\/manofacto31.com\/wp-content\/uploads\/2023\/06\/DSC05343-768x576.jpg 768w, https:\/\/manofacto31.com\/wp-content\/uploads\/2023\/06\/DSC05343-600x450.jpg 600w\" sizes=\"(max-width: 800px) 100vw, 800px\" \/><\/p>\r\n\r\n\r\n\r\n\r\n\r\n<p><strong> QUE FABRIQUES-TU ?<\/strong><br \/>J&rsquo;ai voulu cr\u00e9er des v\u00eatements confortables, styl\u00e9s, color\u00e9s et underground pour femmes dans un<br \/>premier temps. Puis j&rsquo;ai \u00e9largi ma collection aux hommes, b\u00e9b\u00e9s et enfants pour \u00e9gayer la mode<br \/>des petits et grands.<br \/>Ma collection de pr\u00eat-\u00e0-porter fait main s&rsquo;adresse aux personnes d\u00e9sireuses de porter des<br \/>cr\u00e9ations acidul\u00e9es, aux influences ethniques \u00e0 la fois casual et streetwear.<br \/>Dans une d\u00e9marche \u00e9thique et responsable, je fabrique moi-m\u00eame chaque mod\u00e8le de fa\u00e7on<br \/>artisanale dans mon atelier Toulousain.<br \/>Chaque v\u00eatement et accessoire est unique ou fabriqu\u00e9 en petite s\u00e9rie, ce qui me permet de<br \/>personnaliser un mod\u00e8le selon votre go\u00fbt (taille et tissu).<br \/>Dans la mesure du possible, je s\u00e9lectionne des tissus et mat\u00e9riaux respectueux de<br \/>l&rsquo;environnement.<br \/><br \/><\/p>\r\n\r\n\r\n\r\n\r\n\r\n<p><strong>SI TU \u00c9TAIS UNE DE TES CR\u00c9ATIONS LAQUELLE SERAIS-TU ?<\/strong><br \/>Une salopette bien confortable.<\/p>\r\n\r\n\r\n\r\n<p><strong>3 CHOSES QUE TU AIMES, 3 CHOSES QUE TU N\u2019AIMES PAS ?<\/strong><\/p>\r\n\r\n\r\n\r\n<p>J&rsquo;aime les couleurs, la musique, les pamplemousses.<br \/>Je n&rsquo;aime pas la cannelle, les bruits de bouche, les ascenseurs.<\/p>\r\n\r\n\r\n\r\n<div class=\"wp-block-image\">\r\n<figure class=\"aligncenter is-resized\"><img loading=\"lazy\" decoding=\"async\" class=\"alignnone  wp-image-3656\" src=\"https:\/\/manofacto31.com\/wp-content\/uploads\/2023\/06\/crop-veste-capuche-peche-velours-scaled.jpg\" alt=\"\" width=\"546\" height=\"727\" srcset=\"https:\/\/manofacto31.com\/wp-content\/uploads\/2023\/06\/crop-veste-capuche-peche-velours-scaled.jpg 1923w, https:\/\/manofacto31.com\/wp-content\/uploads\/2023\/06\/crop-veste-capuche-peche-velours-225x300.jpg 225w, https:\/\/manofacto31.com\/wp-content\/uploads\/2023\/06\/crop-veste-capuche-peche-velours-769x1024.jpg 769w, https:\/\/manofacto31.com\/wp-content\/uploads\/2023\/06\/crop-veste-capuche-peche-velours-768x1022.jpg 768w, https:\/\/manofacto31.com\/wp-content\/uploads\/2023\/06\/crop-veste-capuche-peche-velours-1154x1536.jpg 1154w, https:\/\/manofacto31.com\/wp-content\/uploads\/2023\/06\/crop-veste-capuche-peche-velours-1539x2048.jpg 1539w, https:\/\/manofacto31.com\/wp-content\/uploads\/2023\/06\/crop-veste-capuche-peche-velours-600x799.jpg 600w\" sizes=\"(max-width: 546px) 100vw, 546px\" \/><\/figure>\r\n<\/div>\r\n\r\n\r\n\r\n<p><strong>O\u00d9 TE TROUVE-T-ON (\u00c0 PART MANO FACTO) ?<\/strong><\/p>\r\n<p>Mon atelier est aux minimes, \u00e0 la boutique <a href=\"https:\/\/www.machine-a-coudre-patchwork.com\/\">Quilt and Patch<\/a> o\u00f9 vous pouvez trouver aussi toute ma collection.<br \/>La collection homme et enfant est en vente \u00e0 la boutique Le Conciliabulle \u00e0 Revel.<\/p>\r\n<p><a href=\"https:\/\/www.tramplemousse.fr\/\">www.tramplemousse.fr<\/a><\/p>\r\n\r\n\r\n\r\n<p><a href=\"https:\/\/www.instagram.com\/tramplemousse\/?hl=fr\">instagram<\/a><\/p>\r\n<p><a href=\"https:\/\/www.facebook.com\/Tramplemousse\/?locale=fr_FR\">facebook<\/a><\/p>\r\n","protected":false},"excerpt":{"rendered":"<p>QUI ES-TU ? Florence Cugny, cr\u00e9atrice de la marque Tramplemousse. Je suis Toulousaine et partage un appartement avec mon poisson Globulux. TON PARCOURS J&rsquo;ai fais 4 ans d&rsquo;\u00e9tudes des mod\u00e9lisme (2 ans \u00e0 Toulouse puis 2 ans en alternance \u00e0 &hellip; <a class=\"more-link\" href=\"https:\/\/manofacto31.com\/?page_id=3653\">Lire la suite <span class=\"meta-nav\">&rarr;<\/span><\/a><\/p>\n","protected":false},"author":5,"featured_media":0,"parent":54,"menu_order":0,"comment_status":"closed","ping_status":"closed","template":"","meta":{"saved_in_kubio":true,"footnotes":""},"class_list":["post-3653","page","type-page","status-publish","hentry"],"kubio_ai_page_context":{"short_desc":"","purpose":"general"},"_links":{"self":[{"href":"https:\/\/manofacto31.com\/index.php?rest_route=\/wp\/v2\/pages\/3653","targetHints":{"allow":["GET"]}}],"collection":[{"href":"https:\/\/manofacto31.com\/index.php?rest_route=\/wp\/v2\/pages"}],"about":[{"href":"https:\/\/manofacto31.com\/index.php?rest_route=\/wp\/v2\/types\/page"}],"author":[{"embeddable":true,"href":"https:\/\/manofacto31.com\/index.php?rest_route=\/wp\/v2\/users\/5"}],"replies":[{"embeddable":true,"href":"https:\/\/manofacto31.com\/index.php?rest_route=%2Fwp%2Fv2%2Fcomments&post=3653"}],"version-history":[{"count":2,"href":"https:\/\/manofacto31.com\/index.php?rest_route=\/wp\/v2\/pages\/3653\/revisions"}],"predecessor-version":[{"id":3658,"href":"https:\/\/manofacto31.com\/index.php?rest_route=\/wp\/v2\/pages\/3653\/revisions\/3658"}],"up":[{"embeddable":true,"href":"https:\/\/manofacto31.com\/index.php?rest_route=\/wp\/v2\/pages\/54"}],"wp:attachment":[{"href":"https:\/\/manofacto31.com\/index.php?rest_route=%2Fwp%2Fv2%2Fmedia&parent=3653"}],"curies":[{"name":"wp","href":"https:\/\/api.w.org\/{rel}","templated":true}]}}

<p><strong><img loading="lazy" decoding="async" class="alignnone  wp-image-3654" src="https://manofacto31.com/wp-content/uploads/2023/06/TRHC0667-scaled.jpg" alt="" width="554" height="737" srcset="https://manofacto31.com/wp-content/uploads/2023/06/TRHC0667-scaled.jpg 1923w, https://manofacto31.com/wp-content/uploads/2023/06/TRHC0667-225x300.jpg 225w, https://manofacto31.com/wp-content/uploads/2023/06/TRHC0667-769x1024.jpg 769w, https://manofacto31.com/wp-content/uploads/2023/06/TRHC0667-768x1022.jpg 768w, https://manofacto31.com/wp-content/uploads/2023/06/TRHC0667-1154x1536.jpg 1154w, https://manofacto31.com/wp-content/uploads/2023/06/TRHC0667-1539x2048.jpg 1539w, https://manofacto31.com/wp-content/uploads/2023/06/TRHC0667-600x799.jpg 600w" sizes="(max-width: 554px) 100vw, 554px" /></strong></p>
<p><strong>QUI ES-TU ?</strong></p>



<p>Florence Cugny, créatrice de la marque Tramplemousse.</p>
<p>Je suis Toulousaine et partage un appartement avec mon poisson Globulux.</p>



<p><strong> TON PARCOURS</strong></p>



<p>J&rsquo;ai fais 4 ans d&rsquo;études des modélisme (2 ans à Toulouse puis 2 ans en alternance à Paris).<br />Après avoir travaillé dans le milieu de la mode à Paris, je me suis aperçu que cette conception de la<br />mode fast fashion ne me convenait pas. Je me suis donc lancée pour créer ma propre marque<br />artisanale Toulousaine en 2013.<br />« Tramplemousse » c&rsquo;est le nom que j&rsquo;utilisais pour dire « Pamplemousse » quand j&rsquo;étais petite. Je<br />l&rsquo;ai donc utilisé comme nom de marque car je trouvais que ça donnait un côté acidulé, pétillant.</p>
<p><img loading="lazy" decoding="async" class="alignnone size-full wp-image-3655" src="https://manofacto31.com/wp-content/uploads/2023/06/DSC05343.jpg" alt="" width="800" height="600" srcset="https://manofacto31.com/wp-content/uploads/2023/06/DSC05343.jpg 800w, https://manofacto31.com/wp-content/uploads/2023/06/DSC05343-300x225.jpg 300w, https://manofacto31.com/wp-content/uploads/2023/06/DSC05343-180x135.jpg 180w, https://manofacto31.com/wp-content/uploads/2023/06/DSC05343-768x576.jpg 768w, https://manofacto31.com/wp-content/uploads/2023/06/DSC05343-600x450.jpg 600w" sizes="(max-width: 800px) 100vw, 800px" /></p>





<p><strong> QUE FABRIQUES-TU ?</strong><br />J&rsquo;ai voulu créer des vêtements confortables, stylés, colorés et underground pour femmes dans un<br />premier temps. Puis j&rsquo;ai élargi ma collection aux hommes, bébés et enfants pour égayer la mode<br />des petits et grands.<br />Ma collection de prêt-à-porter fait main s&rsquo;adresse aux personnes désireuses de porter des<br />créations acidulées, aux influences ethniques à la fois casual et streetwear.<br />Dans une démarche éthique et responsable, je fabrique moi-même chaque modèle de façon<br />artisanale dans mon atelier Toulousain.<br />Chaque vêtement et accessoire est unique ou fabriqué en petite série, ce qui me permet de<br />personnaliser un modèle selon votre goût (taille et tissu).<br />Dans la mesure du possible, je sélectionne des tissus et matériaux respectueux de<br />l&rsquo;environnement.<br /><br /></p>





<p><strong>SI TU ÉTAIS UNE DE TES CRÉATIONS LAQUELLE SERAIS-TU ?</strong><br />Une salopette bien confortable.</p>



<p><strong>3 CHOSES QUE TU AIMES, 3 CHOSES QUE TU N’AIMES PAS ?</strong></p>



<p>J&rsquo;aime les couleurs, la musique, les pamplemousses.<br />Je n&rsquo;aime pas la cannelle, les bruits de bouche, les ascenseurs.</p>



<div class="wp-block-image">
<figure class="aligncenter is-resized"><img loading="lazy" decoding="async" class="alignnone  wp-image-3656" src="https://manofacto31.com/wp-content/uploads/2023/06/crop-veste-capuche-peche-velours-scaled.jpg" alt="" width="546" height="727" srcset="https://manofacto31.com/wp-content/uploads/2023/06/crop-veste-capuche-peche-velours-scaled.jpg 1923w, https://manofacto31.com/wp-content/uploads/2023/06/crop-veste-capuche-peche-velours-225x300.jpg 225w, https://manofacto31.com/wp-content/uploads/2023/06/crop-veste-capuche-peche-velours-769x1024.jpg 769w, https://manofacto31.com/wp-content/uploads/2023/06/crop-veste-capuche-peche-velours-768x1022.jpg 768w, https://manofacto31.com/wp-content/uploads/2023/06/crop-veste-capuche-peche-velours-1154x1536.jpg 1154w, https://manofacto31.com/wp-content/uploads/2023/06/crop-veste-capuche-peche-velours-1539x2048.jpg 1539w, https://manofacto31.com/wp-content/uploads/2023/06/crop-veste-capuche-peche-velours-600x799.jpg 600w" sizes="(max-width: 546px) 100vw, 546px" /></figure>
</div>



<p><strong>OÙ TE TROUVE-T-ON (À PART MANO FACTO) ?</strong></p>
<p>Mon atelier est aux minimes, à la boutique <a href="https://www.machine-a-coudre-patchwork.com/">Quilt and Patch</a> où vous pouvez trouver aussi toute ma collection.<br />La collection homme et enfant est en vente à la boutique Le Conciliabulle à Revel.</p>
<p><a href="https://www.tramplemousse.fr/">www.tramplemousse.fr</a></p>



<p><a href="https://www.instagram.com/tramplemousse/?hl=fr">instagram</a></p>
<p><a href="https://www.facebook.com/Tramplemousse/?locale=fr_FR">facebook</a></p>

<p>QUI ES-TU ? Florence Cugny, créatrice de la marque Tramplemousse. Je suis Toulousaine et partage un appartement avec mon poisson Globulux. TON PARCOURS J&rsquo;ai fais 4 ans d&rsquo;études des modélisme (2 ans à Toulouse puis 2 ans en alternance à &hellip; <a class="more-link" href="https://manofacto31.com/?page_id=3653">Lire la suite <span class="meta-nav">&rarr;</span></a></p>
