{"id":3671,"date":"2023-07-20T08:34:00","date_gmt":"2023-07-20T08:34:00","guid":{"rendered":"https:\/\/manofacto31.com\/?page_id=3671"},"modified":"2024-03-26T09:33:34","modified_gmt":"2024-03-26T09:33:34","slug":"surboom","status":"publish","type":"page","link":"https:\/\/manofacto31.com\/?page_id=3671","title":{"rendered":"Surboom"},"content":{"rendered":"\r\n\r\n\r\n<p><strong><img loading=\"lazy\" decoding=\"async\" class=\"alignnone size-full wp-image-3672\" src=\"https:\/\/manofacto31.com\/wp-content\/uploads\/2023\/07\/image4.jpeg\" alt=\"\" width=\"480\" height=\"640\" srcset=\"https:\/\/manofacto31.com\/wp-content\/uploads\/2023\/07\/image4.jpeg 480w, https:\/\/manofacto31.com\/wp-content\/uploads\/2023\/07\/image4-225x300.jpeg 225w\" sizes=\"(max-width: 480px) 100vw, 480px\" \/> <\/strong><\/p>\r\n<p><strong>QUI ES-TU ?<\/strong><\/p>\r\n\r\n\r\n\r\n<p>Je m\u2019appelle Marianne, je suis la cr\u00e9atrice de Surboom. Je suis ne\u0301e dans les anne\u0301es 80, j\u2019ai grandi et<br \/>je vis a\u0300 Toulouse avec mes deux enfants.<\/p>\r\n\r\n\r\n\r\n<p><strong> TON PARCOURS<\/strong><\/p>\r\n\r\n\r\n\r\n<p>Au coll\u00e8ge je voulais \u00eatre graphiste, je faisais des collages pour cr\u00e9er les jackets de mes cassettes<br \/>enregistr\u00e9es puis des CD grav\u00e9s. J\u2019ai continu\u00e9 sur cette voie en faisant des \u00e9tudes de graphisme.<br \/>Au fil des ann\u00e9es, mes envies et mes centres d&rsquo;int\u00e9r\u00eats ont \u00e9volu\u00e9, passant de l\u2019\u00e9dition \u00e0 la<br \/>cartographie, mais j\u2019ai toujours aim\u00e9 travailler les couleurs.<br \/>\u00c0 c\u00f4t\u00e9 de mes \u00e9tudes, j\u2019ai appris la couture en mode d\u00e9merde, je faisais des trucs pour ma pomme,<br \/>puis pour ma fratrie.<br \/>Et puis j\u2019ai vite eu le go\u00fbt du bricolage, de la vieillerie \u00e0 r\u00e9utiliser, \u00e0 rafistoler et \u00e0 s\u2019approprier.<br \/>J\u2019allais aux puces, et vides-grenier, le regard vif et les m\u00e9ninges en \u00e9bullition, pr\u00eate \u00e0 relever mes<br \/>propres de\u0301fis, a\u0300 savoir si je vais pouvoir satisfaire mon besoin tout en cre\u0301ant quelque chose de beau<br \/>et d\u2019utile.<br \/>\u00c9tudes termin\u00e9es, je suis partie travailler comme graphiste \u00e0 Paris. J\u2019ai ensuite v\u00e9cu quelques mois<br \/>\u00e0 l\u2019\u00e9tranger avant de retourner au bercail, \u00e0 Toulouse, pour m\u2019y r\u00e9installer.<br \/>Comme je suis du genre curieuse et que j\u2019aime faire par moi-m\u00eame, je me suis form\u00e9e au<br \/>d\u00e9veloppement web, pour savoir comment \u00e7a se passe derri\u00e8re\u2026 Et puis me voil\u00e0<br \/>graphiste\/d\u00e9veloppeuse web pendant trois ans.<br \/>Trois ann\u00e9es durant lesquelles j\u2019ai compris que j\u2019en avais ras le bol de communiquer avec des<br \/>machines, de rester fig\u00e9e derri\u00e8re un \u00e9cran d\u2019ordinateur, que finalement j\u2019avais toujours eu l\u2019envie<br \/>de cr\u00e9er et le besoin de r\u00e9aliser des objets que l\u2019on peut tenir entre ses mains, avec leurs formes,<br \/>leurs mati\u00e8res, leurs couleurs et leurs imperfections.<br \/>Et puis une nuit d\u2019insomnie, en janvier 2020, une petite bombe est survenue dans mon esprit.<br \/>C\u2019\u00e9tait une envie irr\u00e9pressible de cr\u00e9er et un besoin de repenser nos modes de productions et de<br \/>consommations : faire plus durable, plus local, avec moins et plus lentement aussi. Je pose le dem\u2019<br \/>et paf, Covid ! Du coup j\u2019ai fait \u00e9voluer le concept de base \u00e0 l\u2019\u00e9chelle de mes possibilit\u00e9s mat\u00e9rielles<br \/>de ces moments confin\u00e9s (une machine \u00e0 coudre, un coin de table et des tas d\u2019habits d\u2019enfants<br \/>trop petits). Voil\u00e0 comment j\u2019en suis arriv\u00e9e au Surboom d&rsquo;aujourd&rsquo;hui, faire des sacs en patchwork<br \/>de vieilles fringues.<br \/>Surboom c\u2019est le nom d\u00e9suet de la f\u00eate d\u2019adolescent, celle qui a donn\u00e9 par la suite la boom. C\u2019\u00e9tait<br \/>le nom parfait pour mon histoire, le boom de la petite \u00e9tincelle qui \u00e9claire ma nuit, le pr\u00e9fixe \u201csur\u201d<br \/>qui renvoie au surcyclage (terme fran\u00e7ais pour upcycling), le d\u00e9tournement d\u2019une vieillerie en autre<br \/>chose, un mot simple, rythm\u00e9, un brin nostalgique de l\u2019\u00e9poque des cartes t\u00e9l\u00e9phoniques et des cassettes.<br \/><img loading=\"lazy\" decoding=\"async\" class=\"alignnone  wp-image-3674\" src=\"https:\/\/manofacto31.com\/wp-content\/uploads\/2023\/07\/image0.jpeg\" alt=\"\" width=\"979\" height=\"783\" srcset=\"https:\/\/manofacto31.com\/wp-content\/uploads\/2023\/07\/image0.jpeg 1174w, https:\/\/manofacto31.com\/wp-content\/uploads\/2023\/07\/image0-300x240.jpeg 300w, https:\/\/manofacto31.com\/wp-content\/uploads\/2023\/07\/image0-1024x819.jpeg 1024w, https:\/\/manofacto31.com\/wp-content\/uploads\/2023\/07\/image0-768x614.jpeg 768w, https:\/\/manofacto31.com\/wp-content\/uploads\/2023\/07\/image0-600x480.jpeg 600w\" sizes=\"(max-width: 979px) 100vw, 979px\" \/><\/p>\r\n\r\n\r\n\r\n\r\n\r\n<p><strong> QUE FABRIQUES-TU ?<\/strong><br \/><br \/>Je fabrique essentiellement des sacs, de toutes sortes : des sacs \u00e0 dos, des bananes, des<br \/>besaces\u2026 Je compl\u00e8te la gamme avec des accessoires comme des bourses, des porte-monnaies,<br \/>mais aussi des d\u00e9corations murales ou plus r\u00e9cemment des vestes customis\u00e9es.<br \/>Je cherche d&rsquo;abord \u00e0 cr\u00e9er des mod\u00e8les solides, utiles et astucieux. Vient ensuite l\u2019esth\u00e9tique, l\u00e0<br \/>o\u00f9 je vais vraiment prendre plaisir \u00e0 rechercher des couleurs, des mati\u00e8res et des motifs, et qui en<br \/>feront des objets singuliers, car oui chez Surboom chaque pi\u00e8ce est unique !<br \/>Les articles que je propose sont enti\u00e8rement r\u00e9alis\u00e9s par mes soins.<br \/>J\u2019ach\u00e8te la mati\u00e8re premi\u00e8re (des v\u00eatements, surtout, et tissus d\u2019ameublements, un peu) sur des<br \/>vide-greniers ou les puces du dimanche. Et puis il y a aussi quelques dons de particuliers.<br \/>Ensuite je d\u00e9monte tout, puis je d\u00e9coupe chaque pi\u00e8ce de tissus qui constituent les motifs des<br \/>patchworks. Les doublures sont faites \u00e0 partir des tissus d&rsquo;ameublement, les poches zipp\u00e9es avec<br \/>les fermetures \u00e9clairs r\u00e9cup\u00e9r\u00e9es sur les v\u00eatements, les sangles et cordes sont issues de la<br \/>seconde main. Seuls quelques articles de mercerie sp\u00e9cifiques sont achet\u00e9s neufs (\u0153illets, \u00e9triers,<br \/>fils, zips pour les bananes\u2026).<br \/>Si j\u2019ai commenc\u00e9 \u00e0 travailler dans ma minuscule chambre, je me suis vite carapat\u00e9e vers un lieu en<br \/>dehors de chez moi ! J\u2019ai investi un atelier au sein d\u2019un espace de couture mutualis\u00e9e, Toulouse<br \/>Espace Couture, dans le quartier de la Reynerie, o\u00f9 je travaille dans la joie, la bonne humeur, le<br \/>partage et le bavardage<br \/><br \/><strong>QUELLES SONT TES SOURCES D\u2019INSPIRATION ?<\/strong><br \/><br \/>Il y a des artistes (Klee, Sonia Delaunay, Mondrian, Camille Walala\u2026 ), le Bauhaus, les miniatures<br \/>persanes, des inconnues qui ont fait des ouvrages de patchwork incroyables, des artistes textiles<br \/>sur internet, et surtout les gens se qu\u2019ils portent sur leurs dos et leurs pieds, mon environnement,<br \/>les petits accidents dans l\u2019atelier qui font surgir de belles associations.<\/p>\r\n\r\n\r\n\r\n<div class=\"wp-block-image\">\r\n<figure class=\"aligncenter is-resized\"><img loading=\"lazy\" decoding=\"async\" class=\"alignnone size-full wp-image-3673\" src=\"https:\/\/manofacto31.com\/wp-content\/uploads\/2023\/07\/image3.jpeg\" alt=\"\" width=\"384\" height=\"640\" srcset=\"https:\/\/manofacto31.com\/wp-content\/uploads\/2023\/07\/image3.jpeg 384w, https:\/\/manofacto31.com\/wp-content\/uploads\/2023\/07\/image3-180x300.jpeg 180w\" sizes=\"(max-width: 384px) 100vw, 384px\" \/><\/figure>\r\n<\/div>\r\n\r\n\r\n\r\n<p><strong>SI TU \u00c9TAIS UNE DE TES CR\u00c9ATIONS LAQUELLE SERAIS-TU ?<\/strong><br \/>Un sac \u00e0 dos !<\/p>\r\n\r\n\r\n\r\n<p><strong>3 CHOSES QUE TU AIMES, 3 CHOSES QUE TU N\u2019AIMES PAS ?<\/strong><\/p>\r\n\r\n\r\n\r\n<p>J\u2019aime l\u2019oc\u00e9an pour m\u2019y baigner, regarder les vagues et sentir l\u2019embrun.<br \/>J\u2019aime discuter du matin au soir et du soir au matin.<br \/>J\u2019aime le caf\u00e9 \u00e0 la cafeti\u00e8re italienne, allong\u00e9 avec un peu d\u2019eau et une coupelle d\u2019amandes.<br \/>Je n\u2019aime pas les pigeons qui envahissent mon balcon \u00e0 chaque printemps.<br \/>Je n\u2019aime pas voir les robinets couler \u00e0 fond sans raison, ah non \u00e7a vraiment je n\u2019aime pas.<br \/>Je n\u2019aime pas le motif l\u00e9opard.<\/p>\r\n\r\n\r\n\r\n<p><strong>QUEL EST TON MANTRA, TA CITATION PR\u00c9F\u00c9R\u00c9E ?<\/strong><\/p>\r\n\r\n\r\n\r\n<p>\u00c7a peut toujours servir.<\/p>\r\n\r\n\r\n\r\n\r\n\r\n<p><strong>O\u00d9 TE TROUVE-T-ON (\u00c0 PART MANO FACTO) ?<\/strong><\/p>\r\n\r\n\r\n\r\n<p>On peut \u00e9galement retrouver mes cr\u00e9ations aux Tar\u00e9es du vrac \u00e0 Toulouse, sur les march\u00e9s des<br \/>cr\u00e9ateurs toulousains, quelques \u00e9v\u00e9nements locaux, et puis sur mon site internet, les r\u00e9seaux<br \/>sociaux et prochainement etsy.<\/p>\r\n","protected":false},"excerpt":{"rendered":"<p>QUI ES-TU ? Je m\u2019appelle Marianne, je suis la cr\u00e9atrice de Surboom. Je suis ne\u0301e dans les anne\u0301es 80, j\u2019ai grandi etje vis a\u0300 Toulouse avec mes deux enfants. TON PARCOURS Au coll\u00e8ge je voulais \u00eatre graphiste, je faisais des &hellip; <a class=\"more-link\" href=\"https:\/\/manofacto31.com\/?page_id=3671\">Lire la suite <span class=\"meta-nav\">&rarr;<\/span><\/a><\/p>\n","protected":false},"author":5,"featured_media":0,"parent":62,"menu_order":0,"comment_status":"closed","ping_status":"open","template":"nosidebar-page.php","meta":{"saved_in_kubio":false,"footnotes":""},"class_list":["post-3671","page","type-page","status-publish","hentry"],"kubio_ai_page_context":{"short_desc":"","purpose":"general"},"_links":{"self":[{"href":"https:\/\/manofacto31.com\/index.php?rest_route=\/wp\/v2\/pages\/3671","targetHints":{"allow":["GET"]}}],"collection":[{"href":"https:\/\/manofacto31.com\/index.php?rest_route=\/wp\/v2\/pages"}],"about":[{"href":"https:\/\/manofacto31.com\/index.php?rest_route=\/wp\/v2\/types\/page"}],"author":[{"embeddable":true,"href":"https:\/\/manofacto31.com\/index.php?rest_route=\/wp\/v2\/users\/5"}],"replies":[{"embeddable":true,"href":"https:\/\/manofacto31.com\/index.php?rest_route=%2Fwp%2Fv2%2Fcomments&post=3671"}],"version-history":[{"count":2,"href":"https:\/\/manofacto31.com\/index.php?rest_route=\/wp\/v2\/pages\/3671\/revisions"}],"predecessor-version":[{"id":3756,"href":"https:\/\/manofacto31.com\/index.php?rest_route=\/wp\/v2\/pages\/3671\/revisions\/3756"}],"up":[{"embeddable":true,"href":"https:\/\/manofacto31.com\/index.php?rest_route=\/wp\/v2\/pages\/62"}],"wp:attachment":[{"href":"https:\/\/manofacto31.com\/index.php?rest_route=%2Fwp%2Fv2%2Fmedia&parent=3671"}],"curies":[{"name":"wp","href":"https:\/\/api.w.org\/{rel}","templated":true}]}}

<p><strong><img loading="lazy" decoding="async" class="alignnone size-full wp-image-3672" src="https://manofacto31.com/wp-content/uploads/2023/07/image4.jpeg" alt="" width="480" height="640" srcset="https://manofacto31.com/wp-content/uploads/2023/07/image4.jpeg 480w, https://manofacto31.com/wp-content/uploads/2023/07/image4-225x300.jpeg 225w" sizes="(max-width: 480px) 100vw, 480px" /> </strong></p>
<p><strong>QUI ES-TU ?</strong></p>



<p>Je m’appelle Marianne, je suis la créatrice de Surboom. Je suis née dans les années 80, j’ai grandi et<br />je vis à Toulouse avec mes deux enfants.</p>



<p><strong> TON PARCOURS</strong></p>



<p>Au collège je voulais être graphiste, je faisais des collages pour créer les jackets de mes cassettes<br />enregistrées puis des CD gravés. J’ai continué sur cette voie en faisant des études de graphisme.<br />Au fil des années, mes envies et mes centres d&rsquo;intérêts ont évolué, passant de l’édition à la<br />cartographie, mais j’ai toujours aimé travailler les couleurs.<br />À côté de mes études, j’ai appris la couture en mode démerde, je faisais des trucs pour ma pomme,<br />puis pour ma fratrie.<br />Et puis j’ai vite eu le goût du bricolage, de la vieillerie à réutiliser, à rafistoler et à s’approprier.<br />J’allais aux puces, et vides-grenier, le regard vif et les méninges en ébullition, prête à relever mes<br />propres défis, à savoir si je vais pouvoir satisfaire mon besoin tout en créant quelque chose de beau<br />et d’utile.<br />Études terminées, je suis partie travailler comme graphiste à Paris. J’ai ensuite vécu quelques mois<br />à l’étranger avant de retourner au bercail, à Toulouse, pour m’y réinstaller.<br />Comme je suis du genre curieuse et que j’aime faire par moi-même, je me suis formée au<br />développement web, pour savoir comment ça se passe derrière… Et puis me voilà<br />graphiste/développeuse web pendant trois ans.<br />Trois années durant lesquelles j’ai compris que j’en avais ras le bol de communiquer avec des<br />machines, de rester figée derrière un écran d’ordinateur, que finalement j’avais toujours eu l’envie<br />de créer et le besoin de réaliser des objets que l’on peut tenir entre ses mains, avec leurs formes,<br />leurs matières, leurs couleurs et leurs imperfections.<br />Et puis une nuit d’insomnie, en janvier 2020, une petite bombe est survenue dans mon esprit.<br />C’était une envie irrépressible de créer et un besoin de repenser nos modes de productions et de<br />consommations : faire plus durable, plus local, avec moins et plus lentement aussi. Je pose le dem’<br />et paf, Covid ! Du coup j’ai fait évoluer le concept de base à l’échelle de mes possibilités matérielles<br />de ces moments confinés (une machine à coudre, un coin de table et des tas d’habits d’enfants<br />trop petits). Voilà comment j’en suis arrivée au Surboom d&rsquo;aujourd&rsquo;hui, faire des sacs en patchwork<br />de vieilles fringues.<br />Surboom c’est le nom désuet de la fête d’adolescent, celle qui a donné par la suite la boom. C’était<br />le nom parfait pour mon histoire, le boom de la petite étincelle qui éclaire ma nuit, le préfixe “sur”<br />qui renvoie au surcyclage (terme français pour upcycling), le détournement d’une vieillerie en autre<br />chose, un mot simple, rythmé, un brin nostalgique de l’époque des cartes téléphoniques et des cassettes.<br /><img loading="lazy" decoding="async" class="alignnone  wp-image-3674" src="https://manofacto31.com/wp-content/uploads/2023/07/image0.jpeg" alt="" width="979" height="783" srcset="https://manofacto31.com/wp-content/uploads/2023/07/image0.jpeg 1174w, https://manofacto31.com/wp-content/uploads/2023/07/image0-300x240.jpeg 300w, https://manofacto31.com/wp-content/uploads/2023/07/image0-1024x819.jpeg 1024w, https://manofacto31.com/wp-content/uploads/2023/07/image0-768x614.jpeg 768w, https://manofacto31.com/wp-content/uploads/2023/07/image0-600x480.jpeg 600w" sizes="(max-width: 979px) 100vw, 979px" /></p>





<p><strong> QUE FABRIQUES-TU ?</strong><br /><br />Je fabrique essentiellement des sacs, de toutes sortes : des sacs à dos, des bananes, des<br />besaces… Je complète la gamme avec des accessoires comme des bourses, des porte-monnaies,<br />mais aussi des décorations murales ou plus récemment des vestes customisées.<br />Je cherche d&rsquo;abord à créer des modèles solides, utiles et astucieux. Vient ensuite l’esthétique, là<br />où je vais vraiment prendre plaisir à rechercher des couleurs, des matières et des motifs, et qui en<br />feront des objets singuliers, car oui chez Surboom chaque pièce est unique !<br />Les articles que je propose sont entièrement réalisés par mes soins.<br />J’achète la matière première (des vêtements, surtout, et tissus d’ameublements, un peu) sur des<br />vide-greniers ou les puces du dimanche. Et puis il y a aussi quelques dons de particuliers.<br />Ensuite je démonte tout, puis je découpe chaque pièce de tissus qui constituent les motifs des<br />patchworks. Les doublures sont faites à partir des tissus d&rsquo;ameublement, les poches zippées avec<br />les fermetures éclairs récupérées sur les vêtements, les sangles et cordes sont issues de la<br />seconde main. Seuls quelques articles de mercerie spécifiques sont achetés neufs (œillets, étriers,<br />fils, zips pour les bananes…).<br />Si j’ai commencé à travailler dans ma minuscule chambre, je me suis vite carapatée vers un lieu en<br />dehors de chez moi ! J’ai investi un atelier au sein d’un espace de couture mutualisée, Toulouse<br />Espace Couture, dans le quartier de la Reynerie, où je travaille dans la joie, la bonne humeur, le<br />partage et le bavardage<br /><br /><strong>QUELLES SONT TES SOURCES D’INSPIRATION ?</strong><br /><br />Il y a des artistes (Klee, Sonia Delaunay, Mondrian, Camille Walala… ), le Bauhaus, les miniatures<br />persanes, des inconnues qui ont fait des ouvrages de patchwork incroyables, des artistes textiles<br />sur internet, et surtout les gens se qu’ils portent sur leurs dos et leurs pieds, mon environnement,<br />les petits accidents dans l’atelier qui font surgir de belles associations.</p>



<div class="wp-block-image">
<figure class="aligncenter is-resized"><img loading="lazy" decoding="async" class="alignnone size-full wp-image-3673" src="https://manofacto31.com/wp-content/uploads/2023/07/image3.jpeg" alt="" width="384" height="640" srcset="https://manofacto31.com/wp-content/uploads/2023/07/image3.jpeg 384w, https://manofacto31.com/wp-content/uploads/2023/07/image3-180x300.jpeg 180w" sizes="(max-width: 384px) 100vw, 384px" /></figure>
</div>



<p><strong>SI TU ÉTAIS UNE DE TES CRÉATIONS LAQUELLE SERAIS-TU ?</strong><br />Un sac à dos !</p>



<p><strong>3 CHOSES QUE TU AIMES, 3 CHOSES QUE TU N’AIMES PAS ?</strong></p>



<p>J’aime l’océan pour m’y baigner, regarder les vagues et sentir l’embrun.<br />J’aime discuter du matin au soir et du soir au matin.<br />J’aime le café à la cafetière italienne, allongé avec un peu d’eau et une coupelle d’amandes.<br />Je n’aime pas les pigeons qui envahissent mon balcon à chaque printemps.<br />Je n’aime pas voir les robinets couler à fond sans raison, ah non ça vraiment je n’aime pas.<br />Je n’aime pas le motif léopard.</p>



<p><strong>QUEL EST TON MANTRA, TA CITATION PRÉFÉRÉE ?</strong></p>



<p>Ça peut toujours servir.</p>





<p><strong>OÙ TE TROUVE-T-ON (À PART MANO FACTO) ?</strong></p>



<p>On peut également retrouver mes créations aux Tarées du vrac à Toulouse, sur les marchés des<br />créateurs toulousains, quelques événements locaux, et puis sur mon site internet, les réseaux<br />sociaux et prochainement etsy.</p>

<p>QUI ES-TU ? Je m’appelle Marianne, je suis la créatrice de Surboom. Je suis née dans les années 80, j’ai grandi etje vis à Toulouse avec mes deux enfants. TON PARCOURS Au collège je voulais être graphiste, je faisais des &hellip; <a class="more-link" href="https://manofacto31.com/?page_id=3671">Lire la suite <span class="meta-nav">&rarr;</span></a></p>
