{"id":924,"date":"2016-08-25T17:13:04","date_gmt":"2016-08-25T17:13:04","guid":{"rendered":"http:\/\/manofacto31.com\/?page_id=924"},"modified":"2016-12-30T15:19:34","modified_gmt":"2016-12-30T15:19:34","slug":"petits-meubles-entre-amis","status":"publish","type":"page","link":"https:\/\/manofacto31.com\/?page_id=924","title":{"rendered":"Petits meubles entre amis"},"content":{"rendered":"<h2>Meubles et accessoires vintage revisit\u00e9s<\/h2>\n<p style=\"text-align: justify;\"><i><b><a href=\"https:\/\/manofacto31.com\/wp-content\/uploads\/2016\/08\/pmea01.jpg\"><img loading=\"lazy\" decoding=\"async\" class=\" wp-image-932 size-large aligncenter\" src=\"https:\/\/manofacto31.com\/wp-content\/uploads\/2016\/08\/pmea01-1024x566.jpg\" alt=\"pmea01\" width=\"560\" height=\"310\" srcset=\"https:\/\/manofacto31.com\/wp-content\/uploads\/2016\/08\/pmea01-1024x566.jpg 1024w, https:\/\/manofacto31.com\/wp-content\/uploads\/2016\/08\/pmea01-600x332.jpg 600w, https:\/\/manofacto31.com\/wp-content\/uploads\/2016\/08\/pmea01-300x166.jpg 300w\" sizes=\"(max-width: 560px) 100vw, 560px\" \/><\/a><\/b><\/i><\/p>\n<p style=\"text-align: justify;\"><strong>Une seconde vie<\/strong><\/p>\n<p style=\"text-align: justify;\">Sandrine et Vincent, les cr\u00e9ateurs de la boutique \u00ab\u00a0Petits meubles entre amis\u00a0\u00bb, prennent plaisir \u00e0 donner une seconde vie \u00e0 de vieux meubles au design scandinave ou au style r\u00e9tro des ann\u00e9es 50\/60. Leurs trouvailles, us\u00e9es et marqu\u00e9es par le temps, sont restaur\u00e9es et relook\u00e9es dans leur atelier \u00e0 Foix, pour en faire des pi\u00e8ces uniques et originales dans un style \u00ab r\u00e9tro chic \u00bb.<\/p>\n<p style=\"text-align: justify;\"><strong><span style=\"color: #333333;\">Couleurs, motifs et fantaisie sont \u00e0 l&rsquo;honneur !<\/span><\/strong><\/p>\n<p style=\"text-align: justify;\">Les meubles r\u00e9cup\u00e9r\u00e9s ou chin\u00e9s sont nettoy\u00e9s, ponc\u00e9s, r\u00e9par\u00e9s puis peints, tapiss\u00e9s ou vernis avec des produits respectueux de l\u2019environnement. Ces meubles et accessoires vintage vous permettront de personnaliser votre int\u00e9rieur pour une d\u00e9coration totalement unique, \u00e0 votre image ..<i><b>.<\/b><\/i><\/p>\n<p><i><b><a href=\"https:\/\/manofacto31.com\/wp-content\/uploads\/2016\/08\/Ali_Abat-jour01.jpg\"><img loading=\"lazy\" decoding=\"async\" class=\"alignnone wp-image-926\" src=\"https:\/\/manofacto31.com\/wp-content\/uploads\/2016\/08\/Ali_Abat-jour01-300x235.jpg\" alt=\"Ali_Abat-jour01\" width=\"160\" height=\"125\" srcset=\"https:\/\/manofacto31.com\/wp-content\/uploads\/2016\/08\/Ali_Abat-jour01-300x235.jpg 300w, https:\/\/manofacto31.com\/wp-content\/uploads\/2016\/08\/Ali_Abat-jour01-600x469.jpg 600w, https:\/\/manofacto31.com\/wp-content\/uploads\/2016\/08\/Ali_Abat-jour01-1024x801.jpg 1024w, https:\/\/manofacto31.com\/wp-content\/uploads\/2016\/08\/Ali_Abat-jour01.jpg 1400w\" sizes=\"(max-width: 160px) 100vw, 160px\" \/><\/a> <a href=\"https:\/\/manofacto31.com\/wp-content\/uploads\/2016\/08\/cuisiniere_enfant.jpg\"><img loading=\"lazy\" decoding=\"async\" class=\"alignnone wp-image-929\" src=\"https:\/\/manofacto31.com\/wp-content\/uploads\/2016\/08\/cuisiniere_enfant-300x186.jpg\" alt=\"cuisiniere_enfant\" width=\"202\" height=\"125\" srcset=\"https:\/\/manofacto31.com\/wp-content\/uploads\/2016\/08\/cuisiniere_enfant-300x186.jpg 300w, https:\/\/manofacto31.com\/wp-content\/uploads\/2016\/08\/cuisiniere_enfant-600x372.jpg 600w, https:\/\/manofacto31.com\/wp-content\/uploads\/2016\/08\/cuisiniere_enfant-1024x635.jpg 1024w, https:\/\/manofacto31.com\/wp-content\/uploads\/2016\/08\/cuisiniere_enfant.jpg 1400w\" sizes=\"(max-width: 202px) 100vw, 202px\" \/><\/a> <a href=\"https:\/\/manofacto31.com\/wp-content\/uploads\/2016\/08\/Eugenie-commode.jpg\"><img loading=\"lazy\" decoding=\"async\" class=\"alignnone wp-image-930\" src=\"https:\/\/manofacto31.com\/wp-content\/uploads\/2016\/08\/Eugenie-commode-300x235.jpg\" alt=\"Eugenie-commode\" width=\"160\" height=\"125\" srcset=\"https:\/\/manofacto31.com\/wp-content\/uploads\/2016\/08\/Eugenie-commode-300x235.jpg 300w, https:\/\/manofacto31.com\/wp-content\/uploads\/2016\/08\/Eugenie-commode-600x469.jpg 600w, https:\/\/manofacto31.com\/wp-content\/uploads\/2016\/08\/Eugenie-commode-1024x801.jpg 1024w, https:\/\/manofacto31.com\/wp-content\/uploads\/2016\/08\/Eugenie-commode.jpg 1400w\" sizes=\"(max-width: 160px) 100vw, 160px\" \/><\/a>\u00a0\u00a0<\/b><\/i><\/p>\n<h4>T\u00e9l :\u00a0 09 72 52 86 79<\/h4>\n<h4>Mail : <a href=\"mailto:sandrine@petits-meubles-entre-amis.fr\" target=\"_blank\">sandrine@petits-meubles-entre-<wbr \/>amis.fr<\/a><\/h4>\n<h4>Boutique : <a href=\"http:\/\/www.petits-meubles-entre-amis.fr\" target=\"_blank\" data-saferedirecturl=\"https:\/\/www.google.com\/url?hl=fr&amp;q=http:\/\/www.petits-meubles-entre-amis.fr&amp;source=gmail&amp;ust=1472224527201000&amp;usg=AFQjCNGyfR4uSmFr26eDRE2CTuumdR-86Q\">www.petits-meubles-entre-amis.<wbr \/>fr<\/a><\/h4>\n<h4>Facebook : <a href=\"http:\/\/www.facebook.com\/petitsmeublesentreamis\/\" target=\"_blank\" data-saferedirecturl=\"https:\/\/www.google.com\/url?hl=fr&amp;q=http:\/\/www.facebook.com\/petitsmeublesentreamis\/&amp;source=gmail&amp;ust=1472224527201000&amp;usg=AFQjCNGAUUO9zHzuIuwkVyvZlpkrMRemUg\">www.facebook.com\/<wbr \/>petitsmeublesentreamis\/<\/a><\/h4>\n","protected":false},"excerpt":{"rendered":"<p>Meubles et accessoires vintage revisit\u00e9s Une seconde vie Sandrine et Vincent, les cr\u00e9ateurs de la boutique \u00ab\u00a0Petits meubles entre amis\u00a0\u00bb, prennent plaisir \u00e0 donner une seconde vie \u00e0 de vieux meubles au design scandinave ou au style r\u00e9tro des ann\u00e9es &hellip; <a class=\"more-link\" href=\"https:\/\/manofacto31.com\/?page_id=924\">Lire la suite <span class=\"meta-nav\">&rarr;<\/span><\/a><\/p>\n","protected":false},"author":5,"featured_media":0,"parent":62,"menu_order":0,"comment_status":"closed","ping_status":"closed","template":"","meta":{"saved_in_kubio":false,"footnotes":""},"class_list":["post-924","page","type-page","status-publish","hentry"],"kubio_ai_page_context":{"short_desc":"","purpose":"general"},"_links":{"self":[{"href":"https:\/\/manofacto31.com\/index.php?rest_route=\/wp\/v2\/pages\/924","targetHints":{"allow":["GET"]}}],"collection":[{"href":"https:\/\/manofacto31.com\/index.php?rest_route=\/wp\/v2\/pages"}],"about":[{"href":"https:\/\/manofacto31.com\/index.php?rest_route=\/wp\/v2\/types\/page"}],"author":[{"embeddable":true,"href":"https:\/\/manofacto31.com\/index.php?rest_route=\/wp\/v2\/users\/5"}],"replies":[{"embeddable":true,"href":"https:\/\/manofacto31.com\/index.php?rest_route=%2Fwp%2Fv2%2Fcomments&post=924"}],"version-history":[{"count":6,"href":"https:\/\/manofacto31.com\/index.php?rest_route=\/wp\/v2\/pages\/924\/revisions"}],"predecessor-version":[{"id":1095,"href":"https:\/\/manofacto31.com\/index.php?rest_route=\/wp\/v2\/pages\/924\/revisions\/1095"}],"up":[{"embeddable":true,"href":"https:\/\/manofacto31.com\/index.php?rest_route=\/wp\/v2\/pages\/62"}],"wp:attachment":[{"href":"https:\/\/manofacto31.com\/index.php?rest_route=%2Fwp%2Fv2%2Fmedia&parent=924"}],"curies":[{"name":"wp","href":"https:\/\/api.w.org\/{rel}","templated":true}]}}