{"id":2928,"date":"2021-04-08T19:17:22","date_gmt":"2021-04-08T19:17:22","guid":{"rendered":"https:\/\/manofacto31.com\/?post_type=product&#038;p=2928"},"modified":"2021-05-03T14:13:37","modified_gmt":"2021-05-03T14:13:37","slug":"bidon-illustre-et-encadre-k-put","status":"publish","type":"product","link":"https:\/\/manofacto31.com\/?product=bidon-illustre-et-encadre-k-put","title":{"rendered":"Bidon illustr\u00e9 et encadr\u00e9 (K-put)"},"content":{"rendered":"<p><img loading=\"lazy\" decoding=\"async\" class=\"alignnone size-full wp-image-2932\" src=\"https:\/\/manofacto31.com\/wp-content\/uploads\/2021\/04\/Stephen-2.jpg\" alt=\"\" width=\"750\" height=\"1000\" srcset=\"https:\/\/manofacto31.com\/wp-content\/uploads\/2021\/04\/Stephen-2.jpg 750w, https:\/\/manofacto31.com\/wp-content\/uploads\/2021\/04\/Stephen-2-600x800.jpg 600w, https:\/\/manofacto31.com\/wp-content\/uploads\/2021\/04\/Stephen-2-225x300.jpg 225w\" sizes=\"(max-width: 750px) 100vw, 750px\" \/><\/p>\n","protected":false},"excerpt":{"rendered":"<p>Bidon Cr\u00e2ne de renard<\/p>\n<p>Bidon en m\u00e9tal, cadre chin\u00e9 et dessin au Posca<br \/>\nRouille, or et blanc<\/p>\n<p>J&rsquo;ai trouv\u00e9 le bidon trouv\u00e9 dans une vieille usine o\u00f9 je suis all\u00e9 graffer, le cadre provient des puces, et le dessin a \u00e9t\u00e9 r\u00e9alis\u00e9 d&rsquo;apr\u00e8s une photo. <a class=\"more-link\" href=\"https:\/\/manofacto31.com\/?product=bidon-illustre-et-encadre-k-put\">Lire la suite <span class=\"meta-nav\">&rarr;<\/span><\/a><\/p>\n","protected":false},"featured_media":2932,"comment_status":"closed","ping_status":"closed","template":"","meta":{"saved_in_kubio":false},"product_brand":[],"product_cat":[45,52],"product_tag":[],"class_list":{"0":"post-2928","1":"product","2":"type-product","3":"status-publish","4":"has-post-thumbnail","6":"product_cat-deco","7":"product_cat-k-put","9":"first","10":"instock","11":"shipping-taxable","12":"purchasable","13":"product-type-simple"},"_links":{"self":[{"href":"https:\/\/manofacto31.com\/index.php?rest_route=\/wp\/v2\/product\/2928","targetHints":{"allow":["GET"]}}],"collection":[{"href":"https:\/\/manofacto31.com\/index.php?rest_route=\/wp\/v2\/product"}],"about":[{"href":"https:\/\/manofacto31.com\/index.php?rest_route=\/wp\/v2\/types\/product"}],"replies":[{"embeddable":true,"href":"https:\/\/manofacto31.com\/index.php?rest_route=%2Fwp%2Fv2%2Fcomments&post=2928"}],"wp:featuredmedia":[{"embeddable":true,"href":"https:\/\/manofacto31.com\/index.php?rest_route=\/wp\/v2\/media\/2932"}],"wp:attachment":[{"href":"https:\/\/manofacto31.com\/index.php?rest_route=%2Fwp%2Fv2%2Fmedia&parent=2928"}],"wp:term":[{"taxonomy":"product_brand","embeddable":true,"href":"https:\/\/manofacto31.com\/index.php?rest_route=%2Fwp%2Fv2%2Fproduct_brand&post=2928"},{"taxonomy":"product_cat","embeddable":true,"href":"https:\/\/manofacto31.com\/index.php?rest_route=%2Fwp%2Fv2%2Fproduct_cat&post=2928"},{"taxonomy":"product_tag","embeddable":true,"href":"https:\/\/manofacto31.com\/index.php?rest_route=%2Fwp%2Fv2%2Fproduct_tag&post=2928"}],"curies":[{"name":"wp","href":"https:\/\/api.w.org\/{rel}","templated":true}]}}