{"id":3013,"date":"2021-04-10T12:29:44","date_gmt":"2021-04-10T12:29:44","guid":{"rendered":"https:\/\/manofacto31.com\/?post_type=product&#038;p=3013"},"modified":"2021-08-07T13:45:24","modified_gmt":"2021-08-07T13:45:24","slug":"lampe-oai-garage","status":"publish","type":"product","link":"https:\/\/manofacto31.com\/?product=lampe-oai-garage","title":{"rendered":"Lampe (Oai Garage)"},"content":{"rendered":"","protected":false},"excerpt":{"rendered":"<p><strong><u>Lampe \u00ab Clair-Obscur \u00bb<\/u><\/strong><\/p>\n<p>Fabriqu\u00e9e \u00e0 Toulouse<br \/>\nMat\u00e9riaux:\u00a0 Base acier et abat jour inox<\/p>\n<p>Recyclage de pi\u00e8ce et mati\u00e8re d&rsquo;origine industrielle et ferroviaire<br \/>\nAcier bruni et cir\u00e9 \u00e0 la cire d&rsquo;abeille, Inox bross\u00e9<\/p>\n<p>Dimensions : Hauteur 46cm<br \/>\nDiam\u00e8tre socle 16cm<br \/>\nDiam\u00e8tre abat jour 23,5cm<\/p>\n<p>Le jeu du contraste entre les mati\u00e8res a \u00e9t\u00e9 le point de d\u00e9part de cette cr\u00e9ation. La base de cette lampe est un engrenage en acier d&rsquo;origine SNCF qui a \u00e9t\u00e9 patin\u00e9 comme le reste de pi\u00e8ces\u00a0 en acier. L&rsquo;abat jour inspir\u00e9 du gyroscope a \u00e9t\u00e9 fabriqu\u00e9 avec de la t\u00f4le d&rsquo;inox issue de d\u00e9chets de l&rsquo;industrie a\u00e9ronautique. L&rsquo;ensemble des pi\u00e8ces ont \u00e9t\u00e9 prot\u00e9g\u00e9es \u00e0 la cire d&rsquo;abeille (encaustique artisanal), il se peut donc que la patine \u00e9volue dans le temps. Ampoule E27 (60w max)<\/p>\n<p>&nbsp;<\/p>\n<p>P<strong>oids du colis estim\u00e9: <\/strong>2,3Kg<br \/>\n<strong>Frais de port\u00a0 France<\/strong>\u00a044\u20ac <a class=\"more-link\" href=\"https:\/\/manofacto31.com\/?product=lampe-oai-garage\">Lire la suite <span class=\"meta-nav\">&rarr;<\/span><\/a><\/p>\n","protected":false},"featured_media":3315,"comment_status":"closed","ping_status":"closed","template":"","meta":{"saved_in_kubio":false},"product_brand":[],"product_cat":[45,72,65],"product_tag":[],"class_list":{"0":"post-3013","1":"product","2":"type-product","3":"status-publish","4":"has-post-thumbnail","6":"product_cat-deco","7":"product_cat-luminaires","8":"product_cat-oai-garage","10":"first","11":"outofstock","12":"shipping-taxable","13":"purchasable","14":"product-type-simple"},"_links":{"self":[{"href":"https:\/\/manofacto31.com\/index.php?rest_route=\/wp\/v2\/product\/3013","targetHints":{"allow":["GET"]}}],"collection":[{"href":"https:\/\/manofacto31.com\/index.php?rest_route=\/wp\/v2\/product"}],"about":[{"href":"https:\/\/manofacto31.com\/index.php?rest_route=\/wp\/v2\/types\/product"}],"replies":[{"embeddable":true,"href":"https:\/\/manofacto31.com\/index.php?rest_route=%2Fwp%2Fv2%2Fcomments&post=3013"}],"wp:featuredmedia":[{"embeddable":true,"href":"https:\/\/manofacto31.com\/index.php?rest_route=\/wp\/v2\/media\/3315"}],"wp:attachment":[{"href":"https:\/\/manofacto31.com\/index.php?rest_route=%2Fwp%2Fv2%2Fmedia&parent=3013"}],"wp:term":[{"taxonomy":"product_brand","embeddable":true,"href":"https:\/\/manofacto31.com\/index.php?rest_route=%2Fwp%2Fv2%2Fproduct_brand&post=3013"},{"taxonomy":"product_cat","embeddable":true,"href":"https:\/\/manofacto31.com\/index.php?rest_route=%2Fwp%2Fv2%2Fproduct_cat&post=3013"},{"taxonomy":"product_tag","embeddable":true,"href":"https:\/\/manofacto31.com\/index.php?rest_route=%2Fwp%2Fv2%2Fproduct_tag&post=3013"}],"curies":[{"name":"wp","href":"https:\/\/api.w.org\/{rel}","templated":true}]}}