{"id":3146,"date":"2021-04-18T15:21:07","date_gmt":"2021-04-18T15:21:07","guid":{"rendered":"https:\/\/manofacto31.com\/?post_type=product&#038;p=3146"},"modified":"2021-07-27T13:43:26","modified_gmt":"2021-07-27T13:43:26","slug":"jupe-taille-unique-eveliina-laitinen","status":"publish","type":"product","link":"https:\/\/manofacto31.com\/?product=jupe-taille-unique-eveliina-laitinen","title":{"rendered":"Jupe porte-feuille (Eveliina Laitinen)"},"content":{"rendered":"<div id=\"attachment_3059\" style=\"width: 235px\" class=\"wp-caption alignnone\"><img loading=\"lazy\" decoding=\"async\" aria-describedby=\"caption-attachment-3059\" class=\"size-medium wp-image-3059\" src=\"https:\/\/manofacto31.com\/wp-content\/uploads\/2021\/04\/Eveliina03-65E-225x300.jpg\" alt=\"\" width=\"225\" height=\"300\" srcset=\"https:\/\/manofacto31.com\/wp-content\/uploads\/2021\/04\/Eveliina03-65E-225x300.jpg 225w, https:\/\/manofacto31.com\/wp-content\/uploads\/2021\/04\/Eveliina03-65E-768x1024.jpg 768w, https:\/\/manofacto31.com\/wp-content\/uploads\/2021\/04\/Eveliina03-65E-1152x1536.jpg 1152w, https:\/\/manofacto31.com\/wp-content\/uploads\/2021\/04\/Eveliina03-65E-1536x2048.jpg 1536w, https:\/\/manofacto31.com\/wp-content\/uploads\/2021\/04\/Eveliina03-65E-600x800.jpg 600w, https:\/\/manofacto31.com\/wp-content\/uploads\/2021\/04\/Eveliina03-65E-scaled.jpg 1920w\" sizes=\"(max-width: 225px) 100vw, 225px\" \/><p id=\"caption-attachment-3059\" class=\"wp-caption-text\">cof<\/p><\/div>\n","protected":false},"excerpt":{"rendered":"<p>JUPE<br \/>\nFabriqu\u00e9e et con\u00e7ue \u00e0 Toulouse (illustration, design textile &amp; conception de la jupe)<br \/>\nDesign textile par Eela Laitinen<br \/>\nCoton biologique, imprim\u00e9 en Allemagne par Spoonflower en s\u00e9rie tr\u00e8s limit\u00e9e<br \/>\nJupe portefeuille, taille flexible 36-40<br \/>\nLongueur de la jupe environ 60cm<\/p>\n<p>Frais de port 6,50\u20ac<br \/>\n <a class=\"more-link\" href=\"https:\/\/manofacto31.com\/?product=jupe-taille-unique-eveliina-laitinen\">Lire la suite <span class=\"meta-nav\">&rarr;<\/span><\/a><\/p>\n","protected":false},"featured_media":3395,"comment_status":"closed","ping_status":"closed","template":"","meta":{"saved_in_kubio":false},"product_brand":[],"product_cat":[63,68],"product_tag":[],"class_list":{"0":"post-3146","1":"product","2":"type-product","3":"status-publish","4":"has-post-thumbnail","6":"product_cat-eveliina-laitinen","7":"product_cat-pret-a-porter","9":"first","10":"instock","11":"shipping-taxable","12":"purchasable","13":"product-type-simple"},"_links":{"self":[{"href":"https:\/\/manofacto31.com\/index.php?rest_route=\/wp\/v2\/product\/3146","targetHints":{"allow":["GET"]}}],"collection":[{"href":"https:\/\/manofacto31.com\/index.php?rest_route=\/wp\/v2\/product"}],"about":[{"href":"https:\/\/manofacto31.com\/index.php?rest_route=\/wp\/v2\/types\/product"}],"replies":[{"embeddable":true,"href":"https:\/\/manofacto31.com\/index.php?rest_route=%2Fwp%2Fv2%2Fcomments&post=3146"}],"wp:featuredmedia":[{"embeddable":true,"href":"https:\/\/manofacto31.com\/index.php?rest_route=\/wp\/v2\/media\/3395"}],"wp:attachment":[{"href":"https:\/\/manofacto31.com\/index.php?rest_route=%2Fwp%2Fv2%2Fmedia&parent=3146"}],"wp:term":[{"taxonomy":"product_brand","embeddable":true,"href":"https:\/\/manofacto31.com\/index.php?rest_route=%2Fwp%2Fv2%2Fproduct_brand&post=3146"},{"taxonomy":"product_cat","embeddable":true,"href":"https:\/\/manofacto31.com\/index.php?rest_route=%2Fwp%2Fv2%2Fproduct_cat&post=3146"},{"taxonomy":"product_tag","embeddable":true,"href":"https:\/\/manofacto31.com\/index.php?rest_route=%2Fwp%2Fv2%2Fproduct_tag&post=3146"}],"curies":[{"name":"wp","href":"https:\/\/api.w.org\/{rel}","templated":true}]}}